{"id":14645,"date":"2020-10-14T22:38:39","date_gmt":"2020-10-15T03:38:39","guid":{"rendered":"https:\/\/defabrica.com.mx\/defabrica\/?post_type=product&#038;p=14645"},"modified":"2022-11-30T14:39:13","modified_gmt":"2022-11-30T20:39:13","slug":"placa-base-gigabyte-b550m-ds3h-am4-usb3-1-amd-micro-atx-negro","status":"publish","type":"product","link":"https:\/\/defabrica.com.mx\/defabrica\/producto\/placa-base-gigabyte-b550m-ds3h-am4-usb3-1-amd-micro-atx-negro\/","title":{"rendered":"Placa base GIGABYTE B550M DS3H AM4 USB3.1 AMD -Micro ATX &#8211; Negro"},"content":{"rendered":"<div class=\"embedded-component-container lv\">\n<div>\n<div id=\"shop-product-description-2ad374ff-500a-45e7-8c54-bd3e88b15015\" class=\"None\" data-version=\"1.3.2\">\n<div class=\"shop-product-description\">\n<section class=\"align-heading-left\" data-reactroot=\"\">\n<div class=\"long-description-container body-copy \">\n<div class=\"html-fragment\">\n<div>\n<div>Las placas base de la serie UD de GIGABYTE utilizan un dise\u00f1o de MOSFET PWM + Low RDS (on) digital puro de 5 + 3 fases para admitir las CPU AMD Ryzen \u2122 de 3.a generaci\u00f3n al ofrecer una precisi\u00f3n incre\u00edble en la entrega de energ\u00eda a los componentes de la placa base con mayor consumo de energ\u00eda y sensibles a la energ\u00eda como adem\u00e1s de ofrecer un rendimiento mejorado del sistema y la m\u00e1xima escalabilidad de hardware.<\/div>\n<\/div>\n<\/div>\n<div><\/div>\n<\/div>\n<\/section>\n<\/div>\n<\/div>\n<\/div>\n<\/div>\n<div class=\"embedded-component-container lv\">\n<h3><\/h3>\n<h3><\/h3>\n<h3 class=\"heading-5 v-fw-regular feature-heading\"><strong>Caracter\u00edsticas<\/strong><\/h3>\n<div class=\"feature-body-container\">\n<div class=\"features-list-container\">\n<div class=\"features-list all-features\">\n<div class=\"list-row\">\n<div class=\"list-row\">\n<ul>\n<li><strong>Compatibilidad del procesador<\/strong><br \/>\nAMD Socket AM4, compatible con: procesadores AMD Ryzen \u2122 de tercera generaci\u00f3n \/ AMD Ryzen \u2122 de nueva generaci\u00f3n con procesadores gr\u00e1ficos Radeon \u2122<\/li>\n<li><strong>Ranuras de expansi\u00f3n<\/strong><br \/>\nConectores duales ultrarr\u00e1pidos NVMe PCIe 4.0 \/ 3.0 M.2<\/li>\n<li><strong>Gr\u00e1ficos<\/strong><br \/>\nIntegrado en la nueva generaci\u00f3n AMD Ryzen \u2122 con procesadores de gr\u00e1ficos Radeon \u2122: 1 puerto HDMI, que admite una resoluci\u00f3n m\u00e1xima de 4096&#215;2160 a 60 Hz * Soporte para la versi\u00f3n HDMI 2.1, HDCP 2.3 y HDR.<\/li>\n<li><strong>Memoria<\/strong><br \/>\n4 x z\u00f3calos DDR4 DIMM que admiten hasta 128 GB (capacidad de un solo DIMM de 32 GB) de memoria del sistema<\/li>\n<li><strong>Audio<\/strong><br \/>\nC\u00f3dec Realtek\u00ae ALC887<\/li>\n<li><strong>VRM<\/strong><br \/>\nSoluci\u00f3n VRM digital pura de 5 + 3 fases con MOSFET de bajo RDS (activado)<\/li>\n<li><strong>Sistema operativo<\/strong><br \/>\nWindows\u00ae 10 de 64 bits<\/li>\n<\/ul>\n<\/div>\n<p>&nbsp;<\/p>\n<\/div>\n<\/div>\n<\/div>\n<\/div>\n<\/div>\n","protected":false},"excerpt":{"rendered":"<p>Las placas base de la serie UD de GIGABYTE utilizan un dise\u00f1o de MOSFET PWM + Low RDS (on) digital puro de 5 + 3 fases para admitir las CPU<\/p>\n","protected":false},"featured_media":14646,"comment_status":"open","ping_status":"closed","template":"","meta":{"_acf_changed":false,"_joinchat":[]},"product_brand":[],"product_cat":[395,400,403],"product_tag":[],"class_list":{"0":"post-14645","1":"product","2":"type-product","3":"status-publish","4":"has-post-thumbnail","6":"product_cat-componentes","7":"product_cat-tarjetas-madre","8":"product_cat-todos-los-componentes","10":"first","11":"instock","12":"sale","13":"shipping-taxable","14":"purchasable","15":"product-type-simple"},"acf":[],"_links":{"self":[{"href":"https:\/\/defabrica.com.mx\/defabrica\/wp-json\/wp\/v2\/product\/14645","targetHints":{"allow":["GET"]}}],"collection":[{"href":"https:\/\/defabrica.com.mx\/defabrica\/wp-json\/wp\/v2\/product"}],"about":[{"href":"https:\/\/defabrica.com.mx\/defabrica\/wp-json\/wp\/v2\/types\/product"}],"replies":[{"embeddable":true,"href":"https:\/\/defabrica.com.mx\/defabrica\/wp-json\/wp\/v2\/comments?post=14645"}],"wp:featuredmedia":[{"embeddable":true,"href":"https:\/\/defabrica.com.mx\/defabrica\/wp-json\/wp\/v2\/media\/14646"}],"wp:attachment":[{"href":"https:\/\/defabrica.com.mx\/defabrica\/wp-json\/wp\/v2\/media?parent=14645"}],"wp:term":[{"taxonomy":"product_brand","embeddable":true,"href":"https:\/\/defabrica.com.mx\/defabrica\/wp-json\/wp\/v2\/product_brand?post=14645"},{"taxonomy":"product_cat","embeddable":true,"href":"https:\/\/defabrica.com.mx\/defabrica\/wp-json\/wp\/v2\/product_cat?post=14645"},{"taxonomy":"product_tag","embeddable":true,"href":"https:\/\/defabrica.com.mx\/defabrica\/wp-json\/wp\/v2\/product_tag?post=14645"}],"curies":[{"name":"wp","href":"https:\/\/api.w.org\/{rel}","templated":true}]}}