{"id":14602,"date":"2020-10-14T18:36:42","date_gmt":"2020-10-14T23:36:42","guid":{"rendered":"https:\/\/defabrica.com.mx\/defabrica\/?post_type=product&#038;p=14602"},"modified":"2023-01-28T10:22:05","modified_gmt":"2023-01-28T16:22:05","slug":"procesador-intel-core-i5-9400f-hexa-core-6-core-2-9ghz-paquete-para-minoristas","status":"publish","type":"product","link":"https:\/\/defabrica.com.mx\/defabrica\/producto\/procesador-intel-core-i5-9400f-hexa-core-6-core-2-9ghz-paquete-para-minoristas\/","title":{"rendered":"Procesador Intel Core i5-9400F Hexa-core (6 Core) 2.9GHz &#8211; Paquete para minoristas"},"content":{"rendered":"<p>Con la potencia y la capacidad de respuesta de la tecnolog\u00eda Intel Turbo Boost 2.0, puede pasar m\u00e1s tiempo haciendo y menos esperando.\u00a0Cree, edite y comparta contenido 4K con facilidad y disfrute de experiencias envolventes en pantalla completa 4K y 360.<\/p>\n<h3><strong>Caracter\u00edsticas<\/strong><\/h3>\n<ul>\n<li>6 n\u00facleos y 6 hilos<\/li>\n<li>Velocidad de reloj de 2,9 GHz<\/li>\n<li>Frecuencia turbo m\u00e1xima de 4,1 GHz<\/li>\n<li>Z\u00f3calo LGA 1151<\/li>\n<li>Modelo general de CPU Intel Core i5-9400F Socket de CPU LGA 1151 Proceso de fabricaci\u00f3n 14 nm Configuraci\u00f3n m\u00e1xima de CPU 1S N\u00famero m\u00e1ximo de carriles PCIe 16 (Revisi\u00f3n 3.0) Desbloqueado No<\/li>\n<li>Rendimiento N\u00famero de n\u00facleos 6 N\u00famero de subprocesos 6 Velocidad de reloj base 2,9 GHz Velocidad de impulso m\u00e1xima 4,1 GHz Cach\u00e9 L3 9 MB<\/li>\n<li>Soporte de memoria Capacidad m\u00e1xima 128 GB Soporte de memoria DDR4 2666 MHz Memoria ECC Sin arquitectura de canal Doble canal Ancho de banda de memoria m\u00e1ximo 41,6 GB \/ s<\/li>\n<li>Potencia Potencia de dise\u00f1o t\u00e9rmico (TDP) 65 W Soluci\u00f3n t\u00e9rmica Ninguna Temperatura m\u00e1xima 212 \u00b0 F \/ 100 \u00b0 C Tecnolog\u00edas de supervisi\u00f3n t\u00e9rmica S\u00ed<\/li>\n<li>Tecnolog\u00eda Compatibilidad con AES S\u00ed Extensi\u00f3n AVX 2.0, SSE 4.1, SSE 4.1 \/ 4.2 Conjunto de instrucciones Virtualizaci\u00f3n de 64 bits S\u00ed: Intel VT-d, Intel VT-x, Intel VT-x con tablas de p\u00e1ginas extendidas (EPT)<\/li>\n<li>Chipset de gr\u00e1ficos integrado Ninguno<\/li>\n<li>Intel DMI DMI3 (8 GT \/ s) Optane Memory Support S\u00ed vPro Support No Performance Technologies SpeedStep, Turbo Boost 2.0 Tecnolog\u00edas de seguridad Protecci\u00f3n de dispositivos con Boot Guard, Execute Disable Bit, MPX (Memory Protection Extensions), OS Guard, Secure Key, Software Guard Extensiones<\/li>\n<\/ul>\n<p>&nbsp;<\/p>\n","protected":false},"excerpt":{"rendered":"<p>Con la potencia y la capacidad de respuesta de la tecnolog\u00eda Intel Turbo Boost 2.0, puede pasar m\u00e1s tiempo haciendo y menos esperando.\u00a0Cree, edite y comparta contenido 4K con facilidad<\/p>\n","protected":false},"featured_media":73395,"comment_status":"open","ping_status":"closed","template":"","meta":{"_acf_changed":false,"_joinchat":[]},"product_brand":[],"product_cat":[395,398,403],"product_tag":[],"class_list":{"0":"post-14602","1":"product","2":"type-product","3":"status-publish","4":"has-post-thumbnail","6":"product_cat-componentes","7":"product_cat-procesadores","8":"product_cat-todos-los-componentes","10":"first","11":"instock","12":"sale","13":"shipping-taxable","14":"purchasable","15":"product-type-simple"},"acf":[],"_links":{"self":[{"href":"https:\/\/defabrica.com.mx\/defabrica\/wp-json\/wp\/v2\/product\/14602","targetHints":{"allow":["GET"]}}],"collection":[{"href":"https:\/\/defabrica.com.mx\/defabrica\/wp-json\/wp\/v2\/product"}],"about":[{"href":"https:\/\/defabrica.com.mx\/defabrica\/wp-json\/wp\/v2\/types\/product"}],"replies":[{"embeddable":true,"href":"https:\/\/defabrica.com.mx\/defabrica\/wp-json\/wp\/v2\/comments?post=14602"}],"wp:featuredmedia":[{"embeddable":true,"href":"https:\/\/defabrica.com.mx\/defabrica\/wp-json\/wp\/v2\/media\/73395"}],"wp:attachment":[{"href":"https:\/\/defabrica.com.mx\/defabrica\/wp-json\/wp\/v2\/media?parent=14602"}],"wp:term":[{"taxonomy":"product_brand","embeddable":true,"href":"https:\/\/defabrica.com.mx\/defabrica\/wp-json\/wp\/v2\/product_brand?post=14602"},{"taxonomy":"product_cat","embeddable":true,"href":"https:\/\/defabrica.com.mx\/defabrica\/wp-json\/wp\/v2\/product_cat?post=14602"},{"taxonomy":"product_tag","embeddable":true,"href":"https:\/\/defabrica.com.mx\/defabrica\/wp-json\/wp\/v2\/product_tag?post=14602"}],"curies":[{"name":"wp","href":"https:\/\/api.w.org\/{rel}","templated":true}]}}