{"id":14464,"date":"2020-10-14T00:28:35","date_gmt":"2020-10-14T05:28:35","guid":{"rendered":"https:\/\/defabrica.com.mx\/defabrica\/?post_type=product&#038;p=14464"},"modified":"2023-01-13T13:24:17","modified_gmt":"2023-01-13T19:24:17","slug":"sony-auriculares-internos-inalambricos-wi-c310-negro","status":"publish","type":"product","link":"https:\/\/defabrica.com.mx\/defabrica\/producto\/sony-auriculares-internos-inalambricos-wi-c310-negro\/","title":{"rendered":"Sony &#8211; Auriculares internos inal\u00e1mbricos WI-C310 &#8211; Negro"},"content":{"rendered":"<p>Sum\u00e9rjase en audio de alta calidad con estos auriculares internos inal\u00e1mbricos de Sony.\u00a0Un dise\u00f1o flexible detr\u00e1s del cuello ofrece una experiencia auditiva c\u00f3moda, y la conectividad Bluetooth le permite escuchar sin preocuparse por cables que se enredan f\u00e1cilmente.\u00a0Con controladores avanzados de 9 mm y una bater\u00eda potente, estos auriculares internos inal\u00e1mbricos de Sony ofrecen hasta 15 horas de audio de alta fidelidad por carga.<\/p>\n<h3 class=\"heading-5 v-fw-regular feature-heading\">Caracteristicas<\/h3>\n<ul>\n<li><strong>Bater\u00eda recargable<\/strong><br \/>\nOfrece hasta 15 horas de uso y dura hasta 200 horas en modo de espera.<\/li>\n<li><strong>Interfaz Bluetooth 5.0<\/strong><br \/>\nPermite el emparejamiento inal\u00e1mbrico simple con su dispositivo habilitado para Bluetooth. Admite perfiles Bluetooth HFP, HSP, A2DP y AVRCP.<\/li>\n<li><strong>Dise\u00f1o en la oreja<\/strong><br \/>\nSe adapta de forma segura y dirige la m\u00fasica a sus o\u00eddos para un audio completo e ininterrumpido.<\/li>\n<li><strong>Control de volumen en l\u00ednea<\/strong><br \/>\nLe permite realizar ajustes r\u00e1pidos y sencillos en el nivel de escucha.<\/li>\n<li><strong>Controladores de 9 mm<\/strong><br \/>\nOfrece un sonido potente.<\/li>\n<li><strong>Respuesta de frecuencia de auriculares de 20 Hz a 20 kHz<\/strong><br \/>\nJunto con una respuesta de frecuencia de micr\u00f3fono de 50Hz &#8211; 8kHz asegura una reproducci\u00f3n de sonido fiel.<\/li>\n<li><strong>Enciende con carga r\u00e1pida<\/strong><br \/>\nCuando la bater\u00eda se agota, solo 10 minutos de carga te brindan hasta 60 minutos de reproducci\u00f3n. Cargue la bater\u00eda por completo en solo tres horas.<\/li>\n<li><strong>Brotes magn\u00e9ticos<\/strong><br \/>\nLos auriculares cuentan con imanes integrados que se unen entre s\u00ed para un transporte y almacenamiento sin enredos.<\/li>\n<\/ul>\n<h3 class=\"heading-5 v-fw-regular\">Qu\u00e9 est\u00e1 incluido<\/h3>\n<ul>\n<li>Auriculares: auriculares h\u00edbridos (S \/ M \/ L)<\/li>\n<li>Auriculares internos inal\u00e1mbricos Sony WI-C310<br \/>\ncable USB<\/li>\n<\/ul>\n","protected":false},"excerpt":{"rendered":"<p>Sum\u00e9rjase en audio de alta calidad con estos auriculares internos inal\u00e1mbricos de Sony.\u00a0Un dise\u00f1o flexible detr\u00e1s del cuello ofrece una experiencia auditiva c\u00f3moda, y la conectividad Bluetooth le permite escuchar<\/p>\n","protected":false},"featured_media":14465,"comment_status":"open","ping_status":"closed","template":"","meta":{"_acf_changed":false,"_joinchat":[]},"product_brand":[],"product_cat":[294,300,304],"product_tag":[],"class_list":{"0":"post-14464","1":"product","2":"type-product","3":"status-publish","4":"has-post-thumbnail","6":"product_cat-audio","7":"product_cat-audifonos","8":"product_cat-inalambricos","10":"first","11":"instock","12":"sale","13":"shipping-taxable","14":"purchasable","15":"product-type-simple"},"acf":[],"_links":{"self":[{"href":"https:\/\/defabrica.com.mx\/defabrica\/wp-json\/wp\/v2\/product\/14464","targetHints":{"allow":["GET"]}}],"collection":[{"href":"https:\/\/defabrica.com.mx\/defabrica\/wp-json\/wp\/v2\/product"}],"about":[{"href":"https:\/\/defabrica.com.mx\/defabrica\/wp-json\/wp\/v2\/types\/product"}],"replies":[{"embeddable":true,"href":"https:\/\/defabrica.com.mx\/defabrica\/wp-json\/wp\/v2\/comments?post=14464"}],"wp:featuredmedia":[{"embeddable":true,"href":"https:\/\/defabrica.com.mx\/defabrica\/wp-json\/wp\/v2\/media\/14465"}],"wp:attachment":[{"href":"https:\/\/defabrica.com.mx\/defabrica\/wp-json\/wp\/v2\/media?parent=14464"}],"wp:term":[{"taxonomy":"product_brand","embeddable":true,"href":"https:\/\/defabrica.com.mx\/defabrica\/wp-json\/wp\/v2\/product_brand?post=14464"},{"taxonomy":"product_cat","embeddable":true,"href":"https:\/\/defabrica.com.mx\/defabrica\/wp-json\/wp\/v2\/product_cat?post=14464"},{"taxonomy":"product_tag","embeddable":true,"href":"https:\/\/defabrica.com.mx\/defabrica\/wp-json\/wp\/v2\/product_tag?post=14464"}],"curies":[{"name":"wp","href":"https:\/\/api.w.org\/{rel}","templated":true}]}}