{"id":14297,"date":"2020-10-09T19:44:53","date_gmt":"2020-10-10T00:44:53","guid":{"rendered":"https:\/\/defabrica.com.mx\/defabrica\/?post_type=product&#038;p=14297"},"modified":"2022-07-18T14:28:42","modified_gmt":"2022-07-18T19:28:42","slug":"shampoo-con-extractos-herbales","status":"publish","type":"product","link":"https:\/\/defabrica.com.mx\/defabrica\/producto\/shampoo-con-extractos-herbales\/","title":{"rendered":"Shampoo con extractos herbales 2&#215;1"},"content":{"rendered":"<p class=\"principal__text\">Dale suavidad, vitalidad, brillo e hidrataci\u00f3n a tu cabellera, con este shampoo enriquecido con extracto de Omniplus.<\/p>\n<div class=\"tabs expanded products-tabs\">\n<div class=\"tabs__content\">\n<div id=\"ben\" class=\"tabs__pane active\">\n<p>Brinda suavidad, vitalidad e hidrataci\u00f3n, ideal para todo tipo de cabello. Hidrataci\u00f3n balanceada y brillo intenso.<\/p>\n<div class=\"tabs expanded products-tabs\">\n<div class=\"tabs__content\">\n<div id=\"ing\" class=\"tabs__pane active\">\n<div>Enriquecido con extracto de Omniplus, pantenol y aloe vera.<\/div>\n<\/div>\n<\/div>\n<\/div>\n<div class=\"products-block complementary\">\n<div id=\"products-complementary\" class=\"products slider\">\n<div class=\"products__wrap slider__wrap\">\n<div class=\"product slider__item\"><\/div>\n<\/div>\n<\/div>\n<\/div>\n<\/div>\n<\/div>\n<\/div>\n","protected":false},"excerpt":{"rendered":"<p>Dale suavidad, vitalidad, brillo e hidrataci\u00f3n a tu cabellera, con este shampoo enriquecido con extracto de Omniplus. Brinda suavidad, vitalidad e hidrataci\u00f3n, ideal para todo tipo de cabello. Hidrataci\u00f3n balanceada<\/p>\n","protected":false},"featured_media":14300,"comment_status":"open","ping_status":"closed","template":"","meta":{"_acf_changed":false,"_joinchat":[]},"product_brand":[],"product_cat":[1520,331,351,463,352,494],"product_tag":[],"class_list":{"0":"post-14297","1":"product","2":"type-product","3":"status-publish","4":"has-post-thumbnail","6":"product_cat-ofertas-saludbelleza","7":"product_cat-salud-y-belleza","8":"product_cat-el","9":"product_cat-cuidado-del-cabello","10":"product_cat-ella","11":"product_cat-cuidado-capilar","13":"first","14":"instock","15":"sale","16":"shipping-taxable","17":"purchasable","18":"product-type-simple"},"acf":[],"_links":{"self":[{"href":"https:\/\/defabrica.com.mx\/defabrica\/wp-json\/wp\/v2\/product\/14297","targetHints":{"allow":["GET"]}}],"collection":[{"href":"https:\/\/defabrica.com.mx\/defabrica\/wp-json\/wp\/v2\/product"}],"about":[{"href":"https:\/\/defabrica.com.mx\/defabrica\/wp-json\/wp\/v2\/types\/product"}],"replies":[{"embeddable":true,"href":"https:\/\/defabrica.com.mx\/defabrica\/wp-json\/wp\/v2\/comments?post=14297"}],"wp:featuredmedia":[{"embeddable":true,"href":"https:\/\/defabrica.com.mx\/defabrica\/wp-json\/wp\/v2\/media\/14300"}],"wp:attachment":[{"href":"https:\/\/defabrica.com.mx\/defabrica\/wp-json\/wp\/v2\/media?parent=14297"}],"wp:term":[{"taxonomy":"product_brand","embeddable":true,"href":"https:\/\/defabrica.com.mx\/defabrica\/wp-json\/wp\/v2\/product_brand?post=14297"},{"taxonomy":"product_cat","embeddable":true,"href":"https:\/\/defabrica.com.mx\/defabrica\/wp-json\/wp\/v2\/product_cat?post=14297"},{"taxonomy":"product_tag","embeddable":true,"href":"https:\/\/defabrica.com.mx\/defabrica\/wp-json\/wp\/v2\/product_tag?post=14297"}],"curies":[{"name":"wp","href":"https:\/\/api.w.org\/{rel}","templated":true}]}}

<p class="principal__text">Dale suavidad, vitalidad, brillo e hidratación a tu cabellera, con este shampoo enriquecido con extracto de Omniplus.</p>
<div class="tabs expanded products-tabs">
<div class="tabs__content">
<div id="ben" class="tabs__pane active">
<p>Brinda suavidad, vitalidad e hidratación, ideal para todo tipo de cabello. Hidratación balanceada y brillo intenso.</p>
<div class="tabs expanded products-tabs">
<div class="tabs__content">
<div id="ing" class="tabs__pane active">
<div>Enriquecido con extracto de Omniplus, pantenol y aloe vera.</div>
</div>
</div>
</div>
<div class="products-block complementary">
<div id="products-complementary" class="products slider">
<div class="products__wrap slider__wrap">
<div class="product slider__item"></div>
</div>
</div>
</div>
</div>
</div>
</div>

<p>Dale suavidad, vitalidad, brillo e hidratación a tu cabellera, con este shampoo enriquecido con extracto de Omniplus. Brinda suavidad, vitalidad e hidratación, ideal para todo tipo de cabello. Hidratación balanceada</p>
