{"id":14288,"date":"2020-10-09T19:16:09","date_gmt":"2020-10-10T00:16:09","guid":{"rendered":"https:\/\/defabrica.com.mx\/defabrica\/?post_type=product&#038;p=14288"},"modified":"2022-07-18T14:28:42","modified_gmt":"2022-07-18T19:28:42","slug":"rimel-de-agua-negro","status":"publish","type":"product","link":"https:\/\/defabrica.com.mx\/defabrica\/producto\/rimel-de-agua-negro\/","title":{"rendered":"R\u00edmel de agua negro 2&#215;1"},"content":{"rendered":"<p class=\"principal__text\">Este R\u00edmel SEYT\u00da dota a tus pesta\u00f1as de una belleza sin igual, porque les proporciona m\u00e1ximo alargamiento y volumen.<\/p>\n<div class=\"tabs expanded products-tabs\">\n<div class=\"tabs__content\">\n<div id=\"ben\" class=\"tabs__pane active\">\n<p>M\u00e1ximo alargamiento, volumen, libre de grumos, color intenso y secado r\u00e1pido.<\/p>\n<div class=\"tabs expanded products-tabs\">\n<div class=\"tabs__content\">\n<div id=\"ing\" class=\"tabs__pane active\">\n<div>Keratina, vitaminas A y E, pantenol.<\/div>\n<\/div>\n<\/div>\n<\/div>\n<div class=\"products-block complementary\">\n<div id=\"products-complementary\" class=\"products slider\">\n<div class=\"products__wrap slider__wrap\">\n<div class=\"product slider__item\"><\/div>\n<\/div>\n<\/div>\n<\/div>\n<\/div>\n<\/div>\n<\/div>\n","protected":false},"excerpt":{"rendered":"<p>Este R\u00edmel SEYT\u00da dota a tus pesta\u00f1as de una belleza sin igual, porque les proporciona m\u00e1ximo alargamiento y volumen. M\u00e1ximo alargamiento, volumen, libre de grumos, color intenso y secado r\u00e1pido.<\/p>\n","protected":false},"featured_media":14293,"comment_status":"open","ping_status":"closed","template":"","meta":{"_acf_changed":false,"_joinchat":[]},"product_brand":[],"product_cat":[1520,331,352,472],"product_tag":[],"class_list":{"0":"post-14288","1":"product","2":"type-product","3":"status-publish","4":"has-post-thumbnail","6":"product_cat-ofertas-saludbelleza","7":"product_cat-salud-y-belleza","8":"product_cat-ella","9":"product_cat-pestanas","11":"first","12":"instock","13":"sale","14":"shipping-taxable","15":"purchasable","16":"product-type-simple"},"acf":[],"_links":{"self":[{"href":"https:\/\/defabrica.com.mx\/defabrica\/wp-json\/wp\/v2\/product\/14288","targetHints":{"allow":["GET"]}}],"collection":[{"href":"https:\/\/defabrica.com.mx\/defabrica\/wp-json\/wp\/v2\/product"}],"about":[{"href":"https:\/\/defabrica.com.mx\/defabrica\/wp-json\/wp\/v2\/types\/product"}],"replies":[{"embeddable":true,"href":"https:\/\/defabrica.com.mx\/defabrica\/wp-json\/wp\/v2\/comments?post=14288"}],"wp:featuredmedia":[{"embeddable":true,"href":"https:\/\/defabrica.com.mx\/defabrica\/wp-json\/wp\/v2\/media\/14293"}],"wp:attachment":[{"href":"https:\/\/defabrica.com.mx\/defabrica\/wp-json\/wp\/v2\/media?parent=14288"}],"wp:term":[{"taxonomy":"product_brand","embeddable":true,"href":"https:\/\/defabrica.com.mx\/defabrica\/wp-json\/wp\/v2\/product_brand?post=14288"},{"taxonomy":"product_cat","embeddable":true,"href":"https:\/\/defabrica.com.mx\/defabrica\/wp-json\/wp\/v2\/product_cat?post=14288"},{"taxonomy":"product_tag","embeddable":true,"href":"https:\/\/defabrica.com.mx\/defabrica\/wp-json\/wp\/v2\/product_tag?post=14288"}],"curies":[{"name":"wp","href":"https:\/\/api.w.org\/{rel}","templated":true}]}}