{"id":14166,"date":"2020-10-09T02:25:59","date_gmt":"2020-10-09T07:25:59","guid":{"rendered":"https:\/\/defabrica.com.mx\/defabrica\/?post_type=product&#038;p=14166"},"modified":"2023-01-24T15:57:13","modified_gmt":"2023-01-24T21:57:13","slug":"lancome-cils-booster-xl-super-enhancing-mascara-base-0-19oz-5-5g","status":"publish","type":"product","link":"https:\/\/defabrica.com.mx\/defabrica\/producto\/lancome-cils-booster-xl-super-enhancing-mascara-base-0-19oz-5-5g\/","title":{"rendered":"Lancome Cils Booster XL Super-Enhancing Mascara Base, 0.19oz \/ 5.5g"},"content":{"rendered":"<p>Su f\u00f3rmula acondicionadora, sin grumos, presenta micro fibras y vitamina E para agregar longitud y grosor extra a las pesta\u00f1as para un rendimiento visible adicional de su r\u00edmel.<\/p>\n<ul>\n<li>0,19 oz \/ 5,5 g.\u00a0Sellado.<\/li>\n<li>Lancome Cils Booster XL Super-Enhancing Mascara Base, 0.19oz \/ 5.5g<\/li>\n<\/ul>\n","protected":false},"excerpt":{"rendered":"<p>Su f\u00f3rmula acondicionadora, sin grumos, presenta micro fibras y vitamina E para agregar longitud y grosor extra a las pesta\u00f1as para un rendimiento visible adicional de su r\u00edmel. 0,19 oz<\/p>\n","protected":false},"featured_media":14168,"comment_status":"open","ping_status":"closed","template":"","meta":{"_acf_changed":false,"_joinchat":[]},"product_brand":[],"product_cat":[1520,331,352,466,472],"product_tag":[],"class_list":{"0":"post-14166","1":"product","2":"type-product","3":"status-publish","4":"has-post-thumbnail","6":"product_cat-ofertas-saludbelleza","7":"product_cat-salud-y-belleza","8":"product_cat-ella","9":"product_cat-maquillaje","10":"product_cat-pestanas","12":"first","13":"instock","14":"sale","15":"shipping-taxable","16":"purchasable","17":"product-type-simple"},"acf":[],"_links":{"self":[{"href":"https:\/\/defabrica.com.mx\/defabrica\/wp-json\/wp\/v2\/product\/14166","targetHints":{"allow":["GET"]}}],"collection":[{"href":"https:\/\/defabrica.com.mx\/defabrica\/wp-json\/wp\/v2\/product"}],"about":[{"href":"https:\/\/defabrica.com.mx\/defabrica\/wp-json\/wp\/v2\/types\/product"}],"replies":[{"embeddable":true,"href":"https:\/\/defabrica.com.mx\/defabrica\/wp-json\/wp\/v2\/comments?post=14166"}],"wp:featuredmedia":[{"embeddable":true,"href":"https:\/\/defabrica.com.mx\/defabrica\/wp-json\/wp\/v2\/media\/14168"}],"wp:attachment":[{"href":"https:\/\/defabrica.com.mx\/defabrica\/wp-json\/wp\/v2\/media?parent=14166"}],"wp:term":[{"taxonomy":"product_brand","embeddable":true,"href":"https:\/\/defabrica.com.mx\/defabrica\/wp-json\/wp\/v2\/product_brand?post=14166"},{"taxonomy":"product_cat","embeddable":true,"href":"https:\/\/defabrica.com.mx\/defabrica\/wp-json\/wp\/v2\/product_cat?post=14166"},{"taxonomy":"product_tag","embeddable":true,"href":"https:\/\/defabrica.com.mx\/defabrica\/wp-json\/wp\/v2\/product_tag?post=14166"}],"curies":[{"name":"wp","href":"https:\/\/api.w.org\/{rel}","templated":true}]}}