{"id":14160,"date":"2020-10-09T02:22:05","date_gmt":"2020-10-09T07:22:05","guid":{"rendered":"https:\/\/defabrica.com.mx\/defabrica\/?post_type=product&#038;p=14160"},"modified":"2023-01-24T15:56:26","modified_gmt":"2023-01-24T21:56:26","slug":"mascara-de-pestanas-roller-lash-super-curling-and-lifting-negro-0-3oz","status":"publish","type":"product","link":"https:\/\/defabrica.com.mx\/defabrica\/producto\/mascara-de-pestanas-roller-lash-super-curling-and-lifting-negro-0-3oz\/","title":{"rendered":"M\u00e1scara de pesta\u00f1as Roller Lash Super Curling and Lifting &#8211; Negro 0.3oz"},"content":{"rendered":"<p>Una m\u00e1scara de pesta\u00f1as resistente al agua y f\u00e1cil de quitar Cuenta con una f\u00f3rmula de ajuste de curvas instant\u00e1neo que se mantiene durante 12 horas Cuenta con un gancho que abre los ojos\u00a0 Cepillo RollTM Ayuda a agarrar, separar, levantar y rizar las pesta\u00f1as Contiene provitamina B5 y Serin para los beneficios de acondicionamiento de las pesta\u00f1as Da un acabado satinado similar al de una mu\u00f1eca<\/p>\n<ul>\n<li>La fragancia refrescante, oriental y amaderada te deja sinti\u00e9ndote fresco y seguro.<\/li>\n<li>Ideal para una variedad de ocasiones.<\/li>\n<li>Una fragancia que ha sido ampliamente aceptada<\/li>\n<li>Es ligero, refrescante y se puede aplicar con frecuencia.<\/li>\n<li>Fragancia para que dure m\u00e1s tiempo.<\/li>\n<\/ul>\n<p>&nbsp;<\/p>\n","protected":false},"excerpt":{"rendered":"<p>Una m\u00e1scara de pesta\u00f1as resistente al agua y f\u00e1cil de quitar Cuenta con una f\u00f3rmula de ajuste de curvas instant\u00e1neo que se mantiene durante 12 horas Cuenta con un gancho<\/p>\n","protected":false},"featured_media":14161,"comment_status":"open","ping_status":"closed","template":"","meta":{"_acf_changed":false,"_joinchat":[]},"product_brand":[],"product_cat":[1520,331,352,466,472],"product_tag":[],"class_list":{"0":"post-14160","1":"product","2":"type-product","3":"status-publish","4":"has-post-thumbnail","6":"product_cat-ofertas-saludbelleza","7":"product_cat-salud-y-belleza","8":"product_cat-ella","9":"product_cat-maquillaje","10":"product_cat-pestanas","12":"first","13":"instock","14":"sale","15":"shipping-taxable","16":"purchasable","17":"product-type-simple"},"acf":[],"_links":{"self":[{"href":"https:\/\/defabrica.com.mx\/defabrica\/wp-json\/wp\/v2\/product\/14160","targetHints":{"allow":["GET"]}}],"collection":[{"href":"https:\/\/defabrica.com.mx\/defabrica\/wp-json\/wp\/v2\/product"}],"about":[{"href":"https:\/\/defabrica.com.mx\/defabrica\/wp-json\/wp\/v2\/types\/product"}],"replies":[{"embeddable":true,"href":"https:\/\/defabrica.com.mx\/defabrica\/wp-json\/wp\/v2\/comments?post=14160"}],"wp:featuredmedia":[{"embeddable":true,"href":"https:\/\/defabrica.com.mx\/defabrica\/wp-json\/wp\/v2\/media\/14161"}],"wp:attachment":[{"href":"https:\/\/defabrica.com.mx\/defabrica\/wp-json\/wp\/v2\/media?parent=14160"}],"wp:term":[{"taxonomy":"product_brand","embeddable":true,"href":"https:\/\/defabrica.com.mx\/defabrica\/wp-json\/wp\/v2\/product_brand?post=14160"},{"taxonomy":"product_cat","embeddable":true,"href":"https:\/\/defabrica.com.mx\/defabrica\/wp-json\/wp\/v2\/product_cat?post=14160"},{"taxonomy":"product_tag","embeddable":true,"href":"https:\/\/defabrica.com.mx\/defabrica\/wp-json\/wp\/v2\/product_tag?post=14160"}],"curies":[{"name":"wp","href":"https:\/\/api.w.org\/{rel}","templated":true}]}}