{"id":13637,"date":"2020-10-04T23:21:54","date_gmt":"2020-10-05T04:21:54","guid":{"rendered":"https:\/\/defabrica.com.mx\/defabrica\/?post_type=product&#038;p=13637"},"modified":"2023-01-24T14:10:58","modified_gmt":"2023-01-24T20:10:58","slug":"recortadora-y-afeitadora-electrica-hibrida-philips-norelco-oneblade-qp2520-70","status":"publish","type":"product","link":"https:\/\/defabrica.com.mx\/defabrica\/producto\/recortadora-y-afeitadora-electrica-hibrida-philips-norelco-oneblade-qp2520-70\/","title":{"rendered":"Recortadora y afeitadora el\u00e9ctrica h\u00edbrida Philips Norelco OneBlade, QP2520 \/ 70"},"content":{"rendered":"<p>Philips Norelco One Blade es una nueva y revolucionaria tecnolog\u00eda de cuidado el\u00e9ctrico dise\u00f1ada para hombres que usan estilos faciales, barba o barba incipiente.\u00a0One Blade recorta, perfila y afeita cualquier longitud de cabello.\u00a0La exclusiva tecnolog\u00eda de afeitado One Blade integra un cortador de movimiento r\u00e1pido (200x por segundo) con un sistema de protecci\u00f3n doble para brindarle un afeitado eficiente y c\u00f3modo en los pelos m\u00e1s largos.\u00a0One Blade no se afeita demasiado apurado, por lo que su piel se mantiene c\u00f3moda.\u00a0Las One Blade reemplazables duran hasta 4 meses (Para una mejor experiencia de afeitado. Basado en 2 afeitadas completas por semana. Los resultados reales pueden variar). La One Blade recargable puede recortar, peinar y afeitar cualquier longitud de cabello.\u00a0C\u00f3rtelo hacia abajo: haga clic en los peines para un corte r\u00e1pido y uniforme en todos los lugares correctos Borde hacia arriba: cuchilla de dos lados para un borde preciso y alinee su estilo m\u00e1s f\u00e1cil que nunca Afeitado: cortador de movimiento r\u00e1pido para afeitar el cabello largo, pero no demasiado cerca para que su piel se mantenga c\u00f3moda Reemplazable One Blade dura hasta 4 meses *.\u00a0(* Para una mejor experiencia de afeitado. Basado en 2 afeitadas completas por semana. Los resultados reales pueden variar). 1 una cuchilla, 1 mango, 3 peines de corte y 1 cargador de energ\u00eda.<\/p>\n<p>&nbsp;<\/p>\n<h3><strong>Caracter\u00edsticas.<\/strong><\/h3>\n<ul>\n<li>Una cuchilla recargable puede recortar, bordear y afeitar cualquier longitud de cabello<\/li>\n<li>C\u00f3rtelo hacia abajo: haga clic en los peines para un recorte r\u00e1pido y uniforme en todos los lugares correctos<\/li>\n<li>Borde hacia arriba: hoja de doble cara para bordes precisos para alinear su estilo m\u00e1s f\u00e1cil que nunca<\/li>\n<li>Afeitado: cortador de movimiento r\u00e1pido para afeitar el cabello largo, pero no demasiado apurado para que su piel se mantenga c\u00f3moda<\/li>\n<li>Una cuchilla reemplazable dura hasta 4 meses. (Para una mejor experiencia de afeitado. Basado en 2 afeitadas completas por semana. Los resultados reales pueden variar).<\/li>\n<\/ul>\n","protected":false},"excerpt":{"rendered":"<p>Philips Norelco One Blade es una nueva y revolucionaria tecnolog\u00eda de cuidado el\u00e9ctrico dise\u00f1ada para hombres que usan estilos faciales, barba o barba incipiente.\u00a0One Blade recorta, perfila y afeita cualquier<\/p>\n","protected":false},"featured_media":13638,"comment_status":"open","ping_status":"closed","template":"","meta":{"_acf_changed":false,"_joinchat":[]},"product_brand":[],"product_cat":[331,351,462],"product_tag":[],"class_list":{"0":"post-13637","1":"product","2":"type-product","3":"status-publish","4":"has-post-thumbnail","6":"product_cat-salud-y-belleza","7":"product_cat-el","8":"product_cat-afeitado-y-aseo","10":"first","11":"instock","12":"sale","13":"shipping-taxable","14":"purchasable","15":"product-type-simple"},"acf":[],"_links":{"self":[{"href":"https:\/\/defabrica.com.mx\/defabrica\/wp-json\/wp\/v2\/product\/13637","targetHints":{"allow":["GET"]}}],"collection":[{"href":"https:\/\/defabrica.com.mx\/defabrica\/wp-json\/wp\/v2\/product"}],"about":[{"href":"https:\/\/defabrica.com.mx\/defabrica\/wp-json\/wp\/v2\/types\/product"}],"replies":[{"embeddable":true,"href":"https:\/\/defabrica.com.mx\/defabrica\/wp-json\/wp\/v2\/comments?post=13637"}],"wp:featuredmedia":[{"embeddable":true,"href":"https:\/\/defabrica.com.mx\/defabrica\/wp-json\/wp\/v2\/media\/13638"}],"wp:attachment":[{"href":"https:\/\/defabrica.com.mx\/defabrica\/wp-json\/wp\/v2\/media?parent=13637"}],"wp:term":[{"taxonomy":"product_brand","embeddable":true,"href":"https:\/\/defabrica.com.mx\/defabrica\/wp-json\/wp\/v2\/product_brand?post=13637"},{"taxonomy":"product_cat","embeddable":true,"href":"https:\/\/defabrica.com.mx\/defabrica\/wp-json\/wp\/v2\/product_cat?post=13637"},{"taxonomy":"product_tag","embeddable":true,"href":"https:\/\/defabrica.com.mx\/defabrica\/wp-json\/wp\/v2\/product_tag?post=13637"}],"curies":[{"name":"wp","href":"https:\/\/api.w.org\/{rel}","templated":true}]}}