{"id":13596,"date":"2020-10-04T17:40:59","date_gmt":"2020-10-04T22:40:59","guid":{"rendered":"https:\/\/defabrica.com.mx\/defabrica\/?post_type=product&#038;p=13596"},"modified":"2022-07-05T14:12:30","modified_gmt":"2022-07-05T19:12:30","slug":"brocha-retractil","status":"publish","type":"product","link":"https:\/\/defabrica.com.mx\/defabrica\/producto\/brocha-retractil\/","title":{"rendered":"Brocha retr\u00e1ctil 2&#215;1"},"content":{"rendered":"<p class=\"principal__text\">Brocha compacta ideal para aplicar de forma f\u00e1cil y c\u00f3moda base de maquillaje en polvo y rubor compacto. Su dise\u00f1o retr\u00e1ctil cuida tu brocha de la suciedad para que la puedas llevar a todas partes.<\/p>\n<div class=\"tabs__content\">\n<div id=\"ben\" class=\"tabs__pane active\">\n<p>Aplicaci\u00f3n profesional<\/p>\n<\/div>\n<\/div>\n","protected":false},"excerpt":{"rendered":"<p>Brocha compacta ideal para aplicar de forma f\u00e1cil y c\u00f3moda base de maquillaje en polvo y rubor compacto. Su dise\u00f1o retr\u00e1ctil cuida tu brocha de la suciedad para que la<\/p>\n","protected":false},"featured_media":13598,"comment_status":"open","ping_status":"closed","template":"","meta":{"_acf_changed":false,"_joinchat":[]},"product_brand":[],"product_cat":[331,352,473],"product_tag":[],"class_list":{"0":"post-13596","1":"product","2":"type-product","3":"status-publish","4":"has-post-thumbnail","6":"product_cat-salud-y-belleza","7":"product_cat-ella","8":"product_cat-brochas-y-accesorios","10":"first","11":"instock","12":"sale","13":"shipping-taxable","14":"purchasable","15":"product-type-simple"},"acf":[],"_links":{"self":[{"href":"https:\/\/defabrica.com.mx\/defabrica\/wp-json\/wp\/v2\/product\/13596","targetHints":{"allow":["GET"]}}],"collection":[{"href":"https:\/\/defabrica.com.mx\/defabrica\/wp-json\/wp\/v2\/product"}],"about":[{"href":"https:\/\/defabrica.com.mx\/defabrica\/wp-json\/wp\/v2\/types\/product"}],"replies":[{"embeddable":true,"href":"https:\/\/defabrica.com.mx\/defabrica\/wp-json\/wp\/v2\/comments?post=13596"}],"wp:featuredmedia":[{"embeddable":true,"href":"https:\/\/defabrica.com.mx\/defabrica\/wp-json\/wp\/v2\/media\/13598"}],"wp:attachment":[{"href":"https:\/\/defabrica.com.mx\/defabrica\/wp-json\/wp\/v2\/media?parent=13596"}],"wp:term":[{"taxonomy":"product_brand","embeddable":true,"href":"https:\/\/defabrica.com.mx\/defabrica\/wp-json\/wp\/v2\/product_brand?post=13596"},{"taxonomy":"product_cat","embeddable":true,"href":"https:\/\/defabrica.com.mx\/defabrica\/wp-json\/wp\/v2\/product_cat?post=13596"},{"taxonomy":"product_tag","embeddable":true,"href":"https:\/\/defabrica.com.mx\/defabrica\/wp-json\/wp\/v2\/product_tag?post=13596"}],"curies":[{"name":"wp","href":"https:\/\/api.w.org\/{rel}","templated":true}]}}