{"id":13542,"date":"2020-10-04T17:33:01","date_gmt":"2020-10-04T22:33:01","guid":{"rendered":"https:\/\/defabrica.com.mx\/defabrica\/?post_type=product&#038;p=13542"},"modified":"2022-07-05T14:12:59","modified_gmt":"2022-07-05T19:12:59","slug":"paleta-de-sombras-uma","status":"publish","type":"product","link":"https:\/\/defabrica.com.mx\/defabrica\/producto\/paleta-de-sombras-uma\/","title":{"rendered":"Paleta de sombras UMA"},"content":{"rendered":"<p>Polvo fino compacto, con textura suave y cremosa ideada para darle profundidad, elegancia, brillo y color a tu mirada.<\/p>\n<p>Adicionados con vitamina E como antioxidante. Elaborado con una alta concentraci\u00f3n de pigmentos de primera calidad que brindan tonos intensos y radiantes. F\u00f3rmula rica en ingredientes innovadores para un resultado duradero y homog\u00e9neo.<\/p>\n<p>&nbsp;<\/p>\n","protected":false},"excerpt":{"rendered":"<p>Polvo fino compacto, con textura suave y cremosa ideada para darle profundidad, elegancia, brillo y color a tu mirada. Adicionados con vitamina E como antioxidante. Elaborado con una alta concentraci\u00f3n<\/p>\n","protected":false},"featured_media":13582,"comment_status":"open","ping_status":"closed","template":"","meta":{"_acf_changed":false,"_joinchat":[]},"product_brand":[],"product_cat":[331,352,466,467],"product_tag":[],"class_list":{"0":"post-13542","1":"product","2":"type-product","3":"status-publish","4":"has-post-thumbnail","6":"product_cat-salud-y-belleza","7":"product_cat-ella","8":"product_cat-maquillaje","9":"product_cat-cara","11":"first","12":"instock","13":"sale","14":"shipping-taxable","15":"purchasable","16":"product-type-variable","17":"has-default-attributes"},"acf":[],"_links":{"self":[{"href":"https:\/\/defabrica.com.mx\/defabrica\/wp-json\/wp\/v2\/product\/13542","targetHints":{"allow":["GET"]}}],"collection":[{"href":"https:\/\/defabrica.com.mx\/defabrica\/wp-json\/wp\/v2\/product"}],"about":[{"href":"https:\/\/defabrica.com.mx\/defabrica\/wp-json\/wp\/v2\/types\/product"}],"replies":[{"embeddable":true,"href":"https:\/\/defabrica.com.mx\/defabrica\/wp-json\/wp\/v2\/comments?post=13542"}],"wp:featuredmedia":[{"embeddable":true,"href":"https:\/\/defabrica.com.mx\/defabrica\/wp-json\/wp\/v2\/media\/13582"}],"wp:attachment":[{"href":"https:\/\/defabrica.com.mx\/defabrica\/wp-json\/wp\/v2\/media?parent=13542"}],"wp:term":[{"taxonomy":"product_brand","embeddable":true,"href":"https:\/\/defabrica.com.mx\/defabrica\/wp-json\/wp\/v2\/product_brand?post=13542"},{"taxonomy":"product_cat","embeddable":true,"href":"https:\/\/defabrica.com.mx\/defabrica\/wp-json\/wp\/v2\/product_cat?post=13542"},{"taxonomy":"product_tag","embeddable":true,"href":"https:\/\/defabrica.com.mx\/defabrica\/wp-json\/wp\/v2\/product_tag?post=13542"}],"curies":[{"name":"wp","href":"https:\/\/api.w.org\/{rel}","templated":true}]}}