{"id":13517,"date":"2020-10-04T16:15:05","date_gmt":"2020-10-04T21:15:05","guid":{"rendered":"https:\/\/defabrica.com.mx\/defabrica\/?post_type=product&#038;p=13517"},"modified":"2022-07-05T14:12:59","modified_gmt":"2022-07-05T19:12:59","slug":"labial-liquido-mate-samburu","status":"publish","type":"product","link":"https:\/\/defabrica.com.mx\/defabrica\/producto\/labial-liquido-mate-samburu\/","title":{"rendered":"2&#215;1 Labial l\u00edquido mate Samburu"},"content":{"rendered":"<p class=\"principal__text\">Labial l\u00edquido de suave aplicaci\u00f3n que proporciona un color intenso. Su acabado mate brinda un terminado sofisticado a los labios.<\/p>\n<div id=\"ben\" class=\"tabs__pane active\">\n<p>Adicionado con vitamina E y aceite de arg\u00e1n como ingredientes nutritivos. Sus propiedades de excelente adherencia y larga duraci\u00f3n permiten que el labial no se corra, seque r\u00e1pido y sea resistente al agua.<\/p>\n<div id=\"ing\" class=\"tabs__pane active\">\n<div>Cera microcristalina hidrogenada (cera), acetato de tocoferilo, extracto de argania spinosa.<\/div>\n<\/div>\n<\/div>\n","protected":false},"excerpt":{"rendered":"<p>Labial l\u00edquido de suave aplicaci\u00f3n que proporciona un color intenso. Su acabado mate brinda un terminado sofisticado a los labios. Adicionado con vitamina E y aceite de arg\u00e1n como ingredientes<\/p>\n","protected":false},"featured_media":13536,"comment_status":"open","ping_status":"closed","template":"","meta":{"_acf_changed":false,"_joinchat":[]},"product_brand":[],"product_cat":[331,352,469],"product_tag":[],"class_list":{"0":"post-13517","1":"product","2":"type-product","3":"status-publish","4":"has-post-thumbnail","6":"product_cat-salud-y-belleza","7":"product_cat-ella","8":"product_cat-labios","10":"first","11":"instock","12":"sale","13":"shipping-taxable","14":"purchasable","15":"product-type-variable","16":"has-default-attributes"},"acf":[],"_links":{"self":[{"href":"https:\/\/defabrica.com.mx\/defabrica\/wp-json\/wp\/v2\/product\/13517","targetHints":{"allow":["GET"]}}],"collection":[{"href":"https:\/\/defabrica.com.mx\/defabrica\/wp-json\/wp\/v2\/product"}],"about":[{"href":"https:\/\/defabrica.com.mx\/defabrica\/wp-json\/wp\/v2\/types\/product"}],"replies":[{"embeddable":true,"href":"https:\/\/defabrica.com.mx\/defabrica\/wp-json\/wp\/v2\/comments?post=13517"}],"wp:featuredmedia":[{"embeddable":true,"href":"https:\/\/defabrica.com.mx\/defabrica\/wp-json\/wp\/v2\/media\/13536"}],"wp:attachment":[{"href":"https:\/\/defabrica.com.mx\/defabrica\/wp-json\/wp\/v2\/media?parent=13517"}],"wp:term":[{"taxonomy":"product_brand","embeddable":true,"href":"https:\/\/defabrica.com.mx\/defabrica\/wp-json\/wp\/v2\/product_brand?post=13517"},{"taxonomy":"product_cat","embeddable":true,"href":"https:\/\/defabrica.com.mx\/defabrica\/wp-json\/wp\/v2\/product_cat?post=13517"},{"taxonomy":"product_tag","embeddable":true,"href":"https:\/\/defabrica.com.mx\/defabrica\/wp-json\/wp\/v2\/product_tag?post=13517"}],"curies":[{"name":"wp","href":"https:\/\/api.w.org\/{rel}","templated":true}]}}