{"id":13408,"date":"2020-10-04T13:31:55","date_gmt":"2020-10-04T18:31:55","guid":{"rendered":"https:\/\/defabrica.com.mx\/defabrica\/?post_type=product&#038;p=13408"},"modified":"2023-04-27T18:38:53","modified_gmt":"2023-04-27T23:38:53","slug":"mascarilla-facial","status":"publish","type":"product","link":"https:\/\/defabrica.com.mx\/defabrica\/producto\/mascarilla-facial\/","title":{"rendered":"Mascarilla facial 2&#215;1"},"content":{"rendered":"<p class=\"principal__text\">La Mascarilla Facial SEYT\u00da es todo lo que necesita tu rostro para una limpieza a profundidad.<\/p>\n<p class=\"principal__text\">F\u00f3rmula de limpieza profunda que promueve la eliminaci\u00f3n de las c\u00e9lulas muertas. Colabora en el proceso de regeneraci\u00f3n en tu piel.<\/p>\n<footer class=\"principal__footer\">\n<div class=\"principal__social dropdown light hasicons\">\n<div class=\"products-block complementary\">\n<div id=\"products-complementary\" class=\"products slider\">\n<div class=\"products__wrap slider__wrap\">\n<div class=\"product slider__item\">\n<div class=\"products-block complementary\">\n<div id=\"products-complementary\" class=\"products slider\">\n<div class=\"products__wrap slider__wrap\">\n<div class=\"product slider__item\">\n<div class=\"products-block complementary\">\n<div id=\"products-complementary\" class=\"products slider\">\n<div class=\"products__wrap slider__wrap\">\n<div class=\"product slider__item\">\n<div class=\"tabs expanded products-tabs\">\n<div class=\"tabs__content\">\n<div id=\"ing\" class=\"tabs__pane active\">\n<div>Vitamina E, extracto de zanahoria, soya, avena, papaya, algas marinas y extracto de aloe vera.<\/div>\n<\/div>\n<\/div>\n<\/div>\n<div class=\"products-block complementary\">\n<div id=\"products-complementary\" class=\"products slider\">\n<div class=\"products__wrap slider__wrap\">\n<div class=\"product slider__item\"><\/div>\n<\/div>\n<\/div>\n<\/div>\n<\/div>\n<\/div>\n<\/div>\n<\/div>\n<\/div>\n<\/div>\n<\/div>\n<\/div>\n<\/div>\n<\/div>\n<\/div>\n<\/div>\n<\/div>\n<\/footer>\n","protected":false},"excerpt":{"rendered":"<p>La Mascarilla Facial SEYT\u00da es todo lo que necesita tu rostro para una limpieza a profundidad. F\u00f3rmula de limpieza profunda que promueve la eliminaci\u00f3n de las c\u00e9lulas muertas. Colabora en<\/p>\n","protected":false},"featured_media":13409,"comment_status":"open","ping_status":"closed","template":"","meta":{"_acf_changed":false,"_joinchat":[]},"product_brand":[],"product_cat":[331,352,488],"product_tag":[],"class_list":{"0":"post-13408","1":"product","2":"type-product","3":"status-publish","4":"has-post-thumbnail","6":"product_cat-salud-y-belleza","7":"product_cat-ella","8":"product_cat-mascarillas-y-exfoliantes","10":"first","11":"instock","12":"sale","13":"shipping-taxable","14":"purchasable","15":"product-type-simple"},"acf":[],"_links":{"self":[{"href":"https:\/\/defabrica.com.mx\/defabrica\/wp-json\/wp\/v2\/product\/13408","targetHints":{"allow":["GET"]}}],"collection":[{"href":"https:\/\/defabrica.com.mx\/defabrica\/wp-json\/wp\/v2\/product"}],"about":[{"href":"https:\/\/defabrica.com.mx\/defabrica\/wp-json\/wp\/v2\/types\/product"}],"replies":[{"embeddable":true,"href":"https:\/\/defabrica.com.mx\/defabrica\/wp-json\/wp\/v2\/comments?post=13408"}],"wp:featuredmedia":[{"embeddable":true,"href":"https:\/\/defabrica.com.mx\/defabrica\/wp-json\/wp\/v2\/media\/13409"}],"wp:attachment":[{"href":"https:\/\/defabrica.com.mx\/defabrica\/wp-json\/wp\/v2\/media?parent=13408"}],"wp:term":[{"taxonomy":"product_brand","embeddable":true,"href":"https:\/\/defabrica.com.mx\/defabrica\/wp-json\/wp\/v2\/product_brand?post=13408"},{"taxonomy":"product_cat","embeddable":true,"href":"https:\/\/defabrica.com.mx\/defabrica\/wp-json\/wp\/v2\/product_cat?post=13408"},{"taxonomy":"product_tag","embeddable":true,"href":"https:\/\/defabrica.com.mx\/defabrica\/wp-json\/wp\/v2\/product_tag?post=13408"}],"curies":[{"name":"wp","href":"https:\/\/api.w.org\/{rel}","templated":true}]}}