{"id":13276,"date":"2020-10-01T20:22:39","date_gmt":"2020-10-02T01:22:39","guid":{"rendered":"https:\/\/defabrica.com.mx\/defabrica\/?post_type=product&#038;p=13276"},"modified":"2023-01-24T13:11:20","modified_gmt":"2023-01-24T19:11:20","slug":"dell-latitude-5000-5510-portatil-de-156-intel-core-i5-10210u-8-gb-de-ram-ssd-de-256-gb-1920-x-1080-graficos-intel-uhd-620-windows-10-pro-negro","status":"publish","type":"product","link":"https:\/\/defabrica.com.mx\/defabrica\/producto\/dell-latitude-5000-5510-portatil-de-156-intel-core-i5-10210u-8-gb-de-ram-ssd-de-256-gb-1920-x-1080-graficos-intel-uhd-620-windows-10-pro-negro\/","title":{"rendered":"Dell Latitude 5000 5510 port\u00e1til de 15,6 \u00ab- Intel Core i5-10210U &#8211; 8 GB de RAM &#8211; SSD de 256 GB &#8211; 1920 x 1080 &#8211; Gr\u00e1ficos Intel UHD 620 &#8211; Windows 10 Pro &#8211; Negro"},"content":{"rendered":"<p>Laptop Latitude 5510 Nuestras laptops comerciales m\u00e1s seguras y manejables, que brindan productividad confiable a sus usuarios finales.<\/p>\n<h3><strong>Caracter\u00edsticas<\/strong><\/h3>\n<ul>\n<li>Tipo de producto Notebook<\/li>\n<li>Procesador y conjunto de chips Fabricante del procesador Intel Tipo de procesador Core i5 Generaci\u00f3n de procesador 10.a generaci\u00f3n Modelo de procesador i5-10210U Procesador Core Quad-core (4 n\u00facleos) Velocidad del procesador 1.6GHz<\/li>\n<li>Memoria Memoria est\u00e1ndar 8 GB Memoria m\u00e1xima 32 GB Tecnolog\u00eda de memoria DDR4 SDRAM<\/li>\n<li>Almacenamiento Capacidad total de la unidad de estado s\u00f3lido 256 GB<\/li>\n<li>Pantalla y gr\u00e1ficos Tama\u00f1o de la pantalla Pantalla de 15.6 \u00abTipo de pantalla Pantalla LCD Tecnolog\u00eda de pantalla Tecnolog\u00eda de conmutaci\u00f3n en el plano (IPS) Modo de pantalla Resoluci\u00f3n de pantalla Full HD 1920 x 1080 Pantalla t\u00e1ctil No<\/li>\n<li>Pantalla y gr\u00e1ficos Fabricante del controlador de gr\u00e1ficos Controlador de gr\u00e1ficos Intel Modelo UHD Graphics 620 Tecnolog\u00eda de memoria de gr\u00e1ficos DDR4 SDRAM Memoria de gr\u00e1ficos Accesibilidad Compartida<\/li>\n<li>Red y comunicaci\u00f3n LAN inal\u00e1mbrica S\u00ed LAN inal\u00e1mbrica Est\u00e1ndar IEEE 802.11ax Tecnolog\u00eda Ethernet Gigabit Ethernet Bluetooth S\u00ed<\/li>\n<li>Dispositivos integrados Lector de huellas dactilares No<\/li>\n<li>Interfaces \/ Puertos HDMI S\u00ed N\u00famero total de puertos USB 4 N\u00famero de puertos USB 3.2 Gen 1 3 USB Type-C S\u00ed Detalle de USB Type-C Puerto tipo C con Thunderbolt Network (RJ-45) S\u00ed<\/li>\n<li>Software Sistema operativo Plataforma Sistema operativo Windows Windows 10 Pro (ingl\u00e9s) Arquitectura del sistema operativo 64 bits<\/li>\n<li>Dispositivos de entrada Retroiluminaci\u00f3n del teclado S\u00ed Localizaci\u00f3n del teclado Ingl\u00e9s (EE. UU.)<\/li>\n<li>Informaci\u00f3n de la bater\u00eda Cantidad de bater\u00edas 1 Cantidad de celdas 4 celdas<\/li>\n<li>Energ\u00eda Descripci\u00f3n Voltaje de entrada 120 VCA 230 VCA Potencia m\u00e1xima de la fuente de alimentaci\u00f3n 65 W<\/li>\n<li>De color negro<\/li>\n<li>Altura 22,42 mm<\/li>\n<li>Ancho 359,1 mm<\/li>\n<li>Profundidad 236,25 mm<\/li>\n<li>Peso (aproximado) 1,82 kg<\/li>\n<li>Contenido del paquete Port\u00e1til Latitude 5510 Bater\u00eda est\u00e1ndar Adaptador de CA Puerta inferior Cable de alimentaci\u00f3n<\/li>\n<\/ul>\n","protected":false},"excerpt":{"rendered":"<p>Laptop Latitude 5510 Nuestras laptops comerciales m\u00e1s seguras y manejables, que brindan productividad confiable a sus usuarios finales. Caracter\u00edsticas Tipo de producto Notebook Procesador y conjunto de chips Fabricante del<\/p>\n","protected":false},"featured_media":63623,"comment_status":"open","ping_status":"closed","template":"","meta":{"_acf_changed":false,"_joinchat":[]},"product_brand":[],"product_cat":[240,241,277,280,432],"product_tag":[],"class_list":{"0":"post-13276","1":"product","2":"type-product","3":"status-publish","4":"has-post-thumbnail","6":"product_cat-computadoras","7":"product_cat-laptops","8":"product_cat-zona-gamer","9":"product_cat-pc-gaming","10":"product_cat-laptops-gamer","12":"first","13":"instock","14":"sale","15":"shipping-taxable","16":"purchasable","17":"product-type-simple"},"acf":[],"_links":{"self":[{"href":"https:\/\/defabrica.com.mx\/defabrica\/wp-json\/wp\/v2\/product\/13276","targetHints":{"allow":["GET"]}}],"collection":[{"href":"https:\/\/defabrica.com.mx\/defabrica\/wp-json\/wp\/v2\/product"}],"about":[{"href":"https:\/\/defabrica.com.mx\/defabrica\/wp-json\/wp\/v2\/types\/product"}],"replies":[{"embeddable":true,"href":"https:\/\/defabrica.com.mx\/defabrica\/wp-json\/wp\/v2\/comments?post=13276"}],"wp:featuredmedia":[{"embeddable":true,"href":"https:\/\/defabrica.com.mx\/defabrica\/wp-json\/wp\/v2\/media\/63623"}],"wp:attachment":[{"href":"https:\/\/defabrica.com.mx\/defabrica\/wp-json\/wp\/v2\/media?parent=13276"}],"wp:term":[{"taxonomy":"product_brand","embeddable":true,"href":"https:\/\/defabrica.com.mx\/defabrica\/wp-json\/wp\/v2\/product_brand?post=13276"},{"taxonomy":"product_cat","embeddable":true,"href":"https:\/\/defabrica.com.mx\/defabrica\/wp-json\/wp\/v2\/product_cat?post=13276"},{"taxonomy":"product_tag","embeddable":true,"href":"https:\/\/defabrica.com.mx\/defabrica\/wp-json\/wp\/v2\/product_tag?post=13276"}],"curies":[{"name":"wp","href":"https:\/\/api.w.org\/{rel}","templated":true}]}}