{"id":13189,"date":"2020-10-01T19:06:12","date_gmt":"2020-10-02T00:06:12","guid":{"rendered":"https:\/\/defabrica.com.mx\/defabrica\/?post_type=product&#038;p=13189"},"modified":"2023-01-24T13:04:12","modified_gmt":"2023-01-24T19:04:12","slug":"lenovo-legion-5-15-fhd-intel-core-i7-10750h-nvidia-geforce-gtx-1650-8gb-ram-512gb-ssd-negro-fantasma-windows-10-82au00btus","status":"publish","type":"product","link":"https:\/\/defabrica.com.mx\/defabrica\/producto\/lenovo-legion-5-15-fhd-intel-core-i7-10750h-nvidia-geforce-gtx-1650-8gb-ram-512gb-ssd-negro-fantasma-windows-10-82au00btus\/","title":{"rendered":"Lenovo Legion 5 15 \u00abFHD, Intel Core i7-10750H, NVIDIA GeForce GTX 1650, 8GB RAM, 512GB SSD, Negro Fantasma, Windows 10, 82AU00BTUS"},"content":{"rendered":"<p>Ofreciendo una gran cantidad de funciones de rendimiento para cualquier jugador en un dise\u00f1o limpio y minimalista, la Legion 5 combina los \u00faltimos procesadores<\/p>\n<h3><strong>Caracter\u00edsticas<\/strong><\/h3>\n<p><strong>Sistema operativo<\/strong>: Windows 10<\/p>\n<p><strong>Procesador<\/strong>: Procesador Intel Core i7-10750H Hexa Core de d\u00e9cima generaci\u00f3n<\/p>\n<p><strong>Pantalla<\/strong>: Pantalla antirreflejo con retroiluminaci\u00f3n LED FHD IPS de 15,6 \u00bb<\/p>\n<p><strong>Memoria<\/strong>: RAM DDR4 de 8GB 2933MHz<\/p>\n<p><strong>Almacenamiento interno<\/strong>: Unidad de estado s\u00f3lido NVMe 2242 M.2 de 512 GB<\/p>\n<p><strong>Gr\u00e1ficos<\/strong>: Gr\u00e1ficos NVIDIA GeForce GTX 1650 4GB GDDR6<\/p>\n<p><strong>Unidad \u00f3ptica<\/strong>: ninguna<\/p>\n<p><strong>Audio<\/strong>: 2 altavoces de 1,5 W con Dolby Audio<\/p>\n<p><strong>Duraci\u00f3n de la bater\u00eda<\/strong>: hasta 9 horas<\/p>\n<p><strong>Inal\u00e1mbrico<\/strong>: 2 x 2 802.11AX Wi-Fi 6 con Bluetooth 5<\/p>\n<p><strong>C\u00e1mara web<\/strong>: 720P con obturador de privacidad y micr\u00f3fonos de matriz dual<\/p>\n<p><strong>Peso del producto<\/strong>: 5,5 libras<\/p>\n<p><strong>Color<\/strong>: negro fantasma<\/p>\n<div><\/div>\n<ul>\n<li><b>Compatible con Google Classroom<\/b><\/li>\n<\/ul>\n<p>&nbsp;<\/p>\n","protected":false},"excerpt":{"rendered":"<p>Ofreciendo una gran cantidad de funciones de rendimiento para cualquier jugador en un dise\u00f1o limpio y minimalista, la Legion 5 combina los \u00faltimos procesadores Caracter\u00edsticas Sistema operativo: Windows 10 Procesador:<\/p>\n","protected":false},"featured_media":65911,"comment_status":"open","ping_status":"closed","template":"","meta":{"_acf_changed":false,"_joinchat":[]},"product_brand":[],"product_cat":[240,241,277,280,432],"product_tag":[],"class_list":{"0":"post-13189","1":"product","2":"type-product","3":"status-publish","4":"has-post-thumbnail","6":"product_cat-computadoras","7":"product_cat-laptops","8":"product_cat-zona-gamer","9":"product_cat-pc-gaming","10":"product_cat-laptops-gamer","12":"first","13":"instock","14":"sale","15":"shipping-taxable","16":"purchasable","17":"product-type-simple"},"acf":[],"_links":{"self":[{"href":"https:\/\/defabrica.com.mx\/defabrica\/wp-json\/wp\/v2\/product\/13189","targetHints":{"allow":["GET"]}}],"collection":[{"href":"https:\/\/defabrica.com.mx\/defabrica\/wp-json\/wp\/v2\/product"}],"about":[{"href":"https:\/\/defabrica.com.mx\/defabrica\/wp-json\/wp\/v2\/types\/product"}],"replies":[{"embeddable":true,"href":"https:\/\/defabrica.com.mx\/defabrica\/wp-json\/wp\/v2\/comments?post=13189"}],"wp:featuredmedia":[{"embeddable":true,"href":"https:\/\/defabrica.com.mx\/defabrica\/wp-json\/wp\/v2\/media\/65911"}],"wp:attachment":[{"href":"https:\/\/defabrica.com.mx\/defabrica\/wp-json\/wp\/v2\/media?parent=13189"}],"wp:term":[{"taxonomy":"product_brand","embeddable":true,"href":"https:\/\/defabrica.com.mx\/defabrica\/wp-json\/wp\/v2\/product_brand?post=13189"},{"taxonomy":"product_cat","embeddable":true,"href":"https:\/\/defabrica.com.mx\/defabrica\/wp-json\/wp\/v2\/product_cat?post=13189"},{"taxonomy":"product_tag","embeddable":true,"href":"https:\/\/defabrica.com.mx\/defabrica\/wp-json\/wp\/v2\/product_tag?post=13189"}],"curies":[{"name":"wp","href":"https:\/\/api.w.org\/{rel}","templated":true}]}}