{"id":12993,"date":"2020-10-01T12:25:51","date_gmt":"2020-10-01T17:25:51","guid":{"rendered":"https:\/\/defabrica.com.mx\/defabrica\/?post_type=product&#038;p=12993"},"modified":"2023-01-21T10:36:39","modified_gmt":"2023-01-21T16:36:39","slug":"lenovo-ideapad-3-portatil-de-15-procesador-amd-ryzen-5-3500u-de-cuatro-nucleos-memoria-de-8-gb-unidad-de-estado-solido-de-256-gb-windows-10-abyss-blue-81w1009dus-compatible-con-google-classr","status":"publish","type":"product","link":"https:\/\/defabrica.com.mx\/defabrica\/producto\/lenovo-ideapad-3-portatil-de-15-procesador-amd-ryzen-5-3500u-de-cuatro-nucleos-memoria-de-8-gb-unidad-de-estado-solido-de-256-gb-windows-10-abyss-blue-81w1009dus-compatible-con-google-classr\/","title":{"rendered":"Lenovo IdeaPad 3 port\u00e1til de 15 \u00ab, procesador AMD Ryzen 5 3500U de cuatro n\u00facleos, memoria de 8 GB, unidad de estado s\u00f3lido de 256 GB, Windows 10, Abyss Blue, 81W1009DUS (compatible con Google Classroom)"},"content":{"rendered":"<p>Dise\u00f1ado para un rendimiento duradero, Lenovo IdeaPad.\u00a03 ofrece un rendimiento potente con los \u00faltimos procesadores m\u00f3viles AMD con gr\u00e1ficos Radeon, en una computadora port\u00e1til que es perfecta para sus tareas diarias, con funciones en las que puede confiar.\u00a0Modelo 2020<\/p>\n<h3><strong>Caracter\u00edsticas<\/strong><\/h3>\n<ul>\n<li><strong>Sistema operativo<\/strong>: Windows 10<\/li>\n<li><strong>Procesador<\/strong>: Procesador AMD Ryzen 5 3500U de cuatro n\u00facleos<\/li>\n<li><strong>Pantalla<\/strong>: Pantalla antirreflejo con retroiluminaci\u00f3n LED FHD IPS de 15,6 \u00ab<\/li>\n<li><strong>Memoria<\/strong>: 8GB DDR4 2400 MHz RAM (4GB OnBoard + 4GB DIMM)<\/li>\n<li><strong>Almacenamiento interno<\/strong>: 256 GB 2242 NVMe TLC SSD Storage<\/li>\n<li><strong>Gr\u00e1ficos<\/strong>: Gr\u00e1ficos Radeon Vega 8 integrados<\/li>\n<li><strong>Unidad \u00f3ptica<\/strong>: ninguna<br \/>\n<strong>Duraci\u00f3n de la bater\u00eda<\/strong>: hasta 6 horas<\/li>\n<li><strong>Audio<\/strong>: 2 altavoces de 2 W con Dolby Audio<\/li>\n<li><strong>Inal\u00e1mbrico<\/strong>: 2 x 2 802.11AC Wi-Fi y Bluetooth 4.1 Combo<\/li>\n<li><strong>Webcam<\/strong>: c\u00e1mara de 0.3MP con obturador de privacidad y micr\u00f3fonos de doble matriz<\/li>\n<li><strong>Peso del producto<\/strong>: 4.84 libras<\/li>\n<li><strong>Compatible con Google Classroom<\/strong><\/li>\n<li><strong>Color<\/strong>: Almendra<\/li>\n<\/ul>\n","protected":false},"excerpt":{"rendered":"<p>Dise\u00f1ado para un rendimiento duradero, Lenovo IdeaPad.\u00a03 ofrece un rendimiento potente con los \u00faltimos procesadores m\u00f3viles AMD con gr\u00e1ficos Radeon, en una computadora port\u00e1til que es perfecta para sus tareas<\/p>\n","protected":false},"featured_media":65686,"comment_status":"open","ping_status":"closed","template":"","meta":{"_acf_changed":false,"_joinchat":[]},"product_brand":[],"product_cat":[240,241],"product_tag":[],"class_list":{"0":"post-12993","1":"product","2":"type-product","3":"status-publish","4":"has-post-thumbnail","6":"product_cat-computadoras","7":"product_cat-laptops","9":"first","10":"instock","11":"sale","12":"shipping-taxable","13":"purchasable","14":"product-type-variable","15":"has-default-attributes"},"acf":[],"_links":{"self":[{"href":"https:\/\/defabrica.com.mx\/defabrica\/wp-json\/wp\/v2\/product\/12993","targetHints":{"allow":["GET"]}}],"collection":[{"href":"https:\/\/defabrica.com.mx\/defabrica\/wp-json\/wp\/v2\/product"}],"about":[{"href":"https:\/\/defabrica.com.mx\/defabrica\/wp-json\/wp\/v2\/types\/product"}],"replies":[{"embeddable":true,"href":"https:\/\/defabrica.com.mx\/defabrica\/wp-json\/wp\/v2\/comments?post=12993"}],"wp:featuredmedia":[{"embeddable":true,"href":"https:\/\/defabrica.com.mx\/defabrica\/wp-json\/wp\/v2\/media\/65686"}],"wp:attachment":[{"href":"https:\/\/defabrica.com.mx\/defabrica\/wp-json\/wp\/v2\/media?parent=12993"}],"wp:term":[{"taxonomy":"product_brand","embeddable":true,"href":"https:\/\/defabrica.com.mx\/defabrica\/wp-json\/wp\/v2\/product_brand?post=12993"},{"taxonomy":"product_cat","embeddable":true,"href":"https:\/\/defabrica.com.mx\/defabrica\/wp-json\/wp\/v2\/product_cat?post=12993"},{"taxonomy":"product_tag","embeddable":true,"href":"https:\/\/defabrica.com.mx\/defabrica\/wp-json\/wp\/v2\/product_tag?post=12993"}],"curies":[{"name":"wp","href":"https:\/\/api.w.org\/{rel}","templated":true}]}}