{"id":12835,"date":"2020-09-29T01:59:48","date_gmt":"2020-09-29T06:59:48","guid":{"rendered":"https:\/\/defabrica.com.mx\/defabrica\/?post_type=product&#038;p=12835"},"modified":"2023-01-24T13:30:41","modified_gmt":"2023-01-24T19:30:41","slug":"raton-inalambrico-hp-z3700-negro","status":"publish","type":"product","link":"https:\/\/defabrica.com.mx\/defabrica\/producto\/raton-inalambrico-hp-z3700-negro\/","title":{"rendered":"Rat\u00f3n inal\u00e1mbrico HP Z3700 Negro"},"content":{"rendered":"<p>Es hora de que sus accesorios combinen con su individualidad. Conozca su nuevo mouse inal\u00e1mbrico, cuidadosamente dise\u00f1ado para llevar su estilo delgado \u00fanico a su trabajo.\u00a0Es funcional.\u00a0Es port\u00e1til.\u00a0Est\u00e1 de moda.\u00a0Es tuyo.<\/p>\n<p>&nbsp;<\/p>\n<h3 class=\"heading-5 v-fw-regular feature-heading\">Caracteristicas<\/h3>\n<ul>\n<li>La tecnolog\u00eda LED azul permite que su mouse funcione en una amplia gama de superficies, para que pueda trabajar desde casi cualquier lugar.<\/li>\n<li>Alta precisi\u00f3n<br \/>\n1200 sensores \u00f3pticos le brindan una precisi\u00f3n excepcional y una velocidad incre\u00edble.<\/li>\n<li>Conecta y reproduce<\/li>\n<li>Muy port\u00e1til<\/li>\n<li>Simplemente coloque la bater\u00eda, conecte el receptor USB y listo. No es necesario instalar nada.<\/li>\n<li>El receptor USB encaja c\u00f3modamente dentro del mouse, para una portabilidad sin esfuerzo.<\/li>\n<li>Compatibilidad con varios sistemas operativos<\/li>\n<li>Cobertura de tranquilidad<\/li>\n<li>Compatibilidad con varios sistemas operativos<\/li>\n<li>Admite Windows 7, 8, 10, Mac OS 10.3 o posterior y Chrome OS.<\/li>\n<li>Cobertura de tranquilidad<\/li>\n<li>Descanse tranquilo con la garant\u00eda limitada est\u00e1ndar de un a\u00f1o de HP.<\/li>\n<\/ul>\n","protected":false},"excerpt":{"rendered":"<p>Es hora de que sus accesorios combinen con su individualidad. Conozca su nuevo mouse inal\u00e1mbrico, cuidadosamente dise\u00f1ado para llevar su estilo delgado \u00fanico a su trabajo.\u00a0Es funcional.\u00a0Es port\u00e1til.\u00a0Est\u00e1 de moda.\u00a0Es<\/p>\n","protected":false},"featured_media":12836,"comment_status":"open","ping_status":"closed","template":"","meta":{"_acf_changed":false,"_joinchat":[]},"product_brand":[],"product_cat":[240,245,250],"product_tag":[],"class_list":{"0":"post-12835","1":"product","2":"type-product","3":"status-publish","4":"has-post-thumbnail","6":"product_cat-computadoras","7":"product_cat-accesorios-computadoras","8":"product_cat-mouse-y-teclados","10":"first","11":"instock","12":"sale","13":"shipping-taxable","14":"purchasable","15":"product-type-simple"},"acf":[],"_links":{"self":[{"href":"https:\/\/defabrica.com.mx\/defabrica\/wp-json\/wp\/v2\/product\/12835","targetHints":{"allow":["GET"]}}],"collection":[{"href":"https:\/\/defabrica.com.mx\/defabrica\/wp-json\/wp\/v2\/product"}],"about":[{"href":"https:\/\/defabrica.com.mx\/defabrica\/wp-json\/wp\/v2\/types\/product"}],"replies":[{"embeddable":true,"href":"https:\/\/defabrica.com.mx\/defabrica\/wp-json\/wp\/v2\/comments?post=12835"}],"wp:featuredmedia":[{"embeddable":true,"href":"https:\/\/defabrica.com.mx\/defabrica\/wp-json\/wp\/v2\/media\/12836"}],"wp:attachment":[{"href":"https:\/\/defabrica.com.mx\/defabrica\/wp-json\/wp\/v2\/media?parent=12835"}],"wp:term":[{"taxonomy":"product_brand","embeddable":true,"href":"https:\/\/defabrica.com.mx\/defabrica\/wp-json\/wp\/v2\/product_brand?post=12835"},{"taxonomy":"product_cat","embeddable":true,"href":"https:\/\/defabrica.com.mx\/defabrica\/wp-json\/wp\/v2\/product_cat?post=12835"},{"taxonomy":"product_tag","embeddable":true,"href":"https:\/\/defabrica.com.mx\/defabrica\/wp-json\/wp\/v2\/product_tag?post=12835"}],"curies":[{"name":"wp","href":"https:\/\/api.w.org\/{rel}","templated":true}]}}