{"id":12337,"date":"2020-09-23T16:27:49","date_gmt":"2020-09-23T21:27:49","guid":{"rendered":"https:\/\/defabrica.com.mx\/defabrica\/?post_type=product&#038;p=12337"},"modified":"2023-01-24T13:14:23","modified_gmt":"2023-01-24T19:14:23","slug":"gateway-14-1-fhd-ultra-slim-notebook-intel-core-i5-1035g1-16gb-ram-256gb-ssd-tuned-by-thx-audio-escaner-de-huellas-dactilares-webcam-hdmi-cortana-windows-10-home","status":"publish","type":"product","link":"https:\/\/defabrica.com.mx\/defabrica\/producto\/gateway-14-1-fhd-ultra-slim-notebook-intel-core-i5-1035g1-16gb-ram-256gb-ssd-tuned-by-thx-audio-escaner-de-huellas-dactilares-webcam-hdmi-cortana-windows-10-home\/","title":{"rendered":"Gateway 14.1 \u00abFHD Ultra Slim Notebook, Intel Core i5-1035G1, 16GB RAM, 256GB SSD, Tuned by THX \u2122 Audio, Esc\u00e1ner de huellas dactilares, Webcam, HDMI, Cortana, Windows 10 Home"},"content":{"rendered":"<p>El port\u00e1til Gateway Ultra Slim de 14,1 pulgadas cuenta con una pantalla de 1080p que brinda una imagen n\u00edtida para todas y cada una de sus tareas.\u00a0El procesador Intel Core i5 le permite realizar sus tareas diarias con facilidad.\u00a0Los productos de audio Tuned by THX \u2122 permiten a los oyentes obtener la mejor calidad de audio posible al proporcionar mejoras de fidelidad personalizadas, reproducci\u00f3n equilibrada y respuesta de frecuencia \u00f3ptima.<\/p>\n<ul>\n<li>Inicio de Windows 10<\/li>\n<li>10\u00a0<sup>\u00ba<\/sup>\u00a0Procesador Gen Intel\u00ae Core \u2122 i5-1035G1 (1,0 GHz, hasta 3,6 GHz, 6M Cache)<\/li>\n<li>Pantalla LCD IPS de 14,1 \u00ab, (1920 x 1080)<\/li>\n<li>Sintonizado por THX \u2122 Audio<\/li>\n<li>Unidad de estado s\u00f3lido de 256 GB<\/li>\n<li>16 GB de RAM incorporada<\/li>\n<li>Esc\u00e1ner de huellas dactilares incorporado (Windows Hello)<\/li>\n<li>C\u00e1mara frontal de 1 MP<\/li>\n<li>Hasta 10 horas de duraci\u00f3n de la bater\u00eda<\/li>\n<li>Ranura Micro SD (hasta 512 GB) x 1<\/li>\n<li>Salida HDMI x 1<\/li>\n<li>USB Type-C (solo transferencia de datos) x 1<\/li>\n<li>USB 3.0 x 2<\/li>\n<li>Bloqueo Kensington x 1<\/li>\n<li>Altavoces est\u00e9reo integrados x 2<\/li>\n<li>Bluetooth 5.1<\/li>\n<li>Micr\u00f3fono incorporado<\/li>\n<li>Dimensiones del producto: 13,1 \u00abx 8,9\u00bb x 0,8 \u00ab<\/li>\n<li>Peso: 3,5 libras.<\/li>\n<\/ul>\n","protected":false},"excerpt":{"rendered":"<p>El port\u00e1til Gateway Ultra Slim de 14,1 pulgadas cuenta con una pantalla de 1080p que brinda una imagen n\u00edtida para todas y cada una de sus tareas.\u00a0El procesador Intel Core<\/p>\n","protected":false},"featured_media":65663,"comment_status":"open","ping_status":"closed","template":"","meta":{"_acf_changed":false,"_joinchat":[]},"product_brand":[],"product_cat":[240,241],"product_tag":[],"class_list":{"0":"post-12337","1":"product","2":"type-product","3":"status-publish","4":"has-post-thumbnail","6":"product_cat-computadoras","7":"product_cat-laptops","9":"first","10":"instock","11":"sale","12":"shipping-taxable","13":"purchasable","14":"product-type-variable","15":"has-default-attributes"},"acf":[],"_links":{"self":[{"href":"https:\/\/defabrica.com.mx\/defabrica\/wp-json\/wp\/v2\/product\/12337","targetHints":{"allow":["GET"]}}],"collection":[{"href":"https:\/\/defabrica.com.mx\/defabrica\/wp-json\/wp\/v2\/product"}],"about":[{"href":"https:\/\/defabrica.com.mx\/defabrica\/wp-json\/wp\/v2\/types\/product"}],"replies":[{"embeddable":true,"href":"https:\/\/defabrica.com.mx\/defabrica\/wp-json\/wp\/v2\/comments?post=12337"}],"wp:featuredmedia":[{"embeddable":true,"href":"https:\/\/defabrica.com.mx\/defabrica\/wp-json\/wp\/v2\/media\/65663"}],"wp:attachment":[{"href":"https:\/\/defabrica.com.mx\/defabrica\/wp-json\/wp\/v2\/media?parent=12337"}],"wp:term":[{"taxonomy":"product_brand","embeddable":true,"href":"https:\/\/defabrica.com.mx\/defabrica\/wp-json\/wp\/v2\/product_brand?post=12337"},{"taxonomy":"product_cat","embeddable":true,"href":"https:\/\/defabrica.com.mx\/defabrica\/wp-json\/wp\/v2\/product_cat?post=12337"},{"taxonomy":"product_tag","embeddable":true,"href":"https:\/\/defabrica.com.mx\/defabrica\/wp-json\/wp\/v2\/product_tag?post=12337"}],"curies":[{"name":"wp","href":"https:\/\/api.w.org\/{rel}","templated":true}]}}