{"id":12227,"date":"2020-09-20T23:59:58","date_gmt":"2020-09-21T04:59:58","guid":{"rendered":"https:\/\/defabrica.com.mx\/defabrica\/?post_type=product&#038;p=12227"},"modified":"2025-10-10T11:34:53","modified_gmt":"2025-10-10T17:34:53","slug":"apple-watch-series-3-gps-42-mm-caja-de-aluminio-gris-espacial-con-correa-deportiva-negra-aluminio-gris-espacial","status":"publish","type":"product","link":"https:\/\/defabrica.com.mx\/defabrica\/producto\/apple-watch-series-3-gps-42-mm-caja-de-aluminio-gris-espacial-con-correa-deportiva-negra-aluminio-gris-espacial\/","title":{"rendered":"Apple Watch Series 3 (GPS) 42 mm Caja de aluminio gris espacial con correa deportiva negra &#8211; Aluminio gris espacial"},"content":{"rendered":"<div class=\"embedded-component-container lv\">\n<div>\n<div id=\"shop-product-description-5026a8e6-ffe4-42cf-8656-2f012f6fb878\" class=\"None\" data-version=\"1.3.0\">\n<div class=\"shop-product-description\">\n<section class=\"align-heading-left\" data-reactroot=\"\">\n<div class=\"long-description-container body-copy \">\n<div class=\"html-fragment\">\n<div>\n<div>Notificaciones de frecuencia card\u00edaca alta y baja. SOS de emergencia. Esferas de reloj New Breathe. Detecci\u00f3n autom\u00e1tica de entrenamiento. Nuevos entrenamientos de yoga y senderismo. Funciones avanzadas para corredores como alertas de cadencia y ritmo. Nuevas competiciones cara a cara. Compartir actividad con amigos. Coaching personalizado. Retos mensuales y premios por logros. Puede usar Walkie-Talkie, hacer llamadas telef\u00f3nicas y enviar mensajes. Escuche Apple Music\u00b9 y Apple Podcasts. Y usa Siri de formas completamente nuevas. Apple Watch Series 3 te permite hacerlo todo desde tu mu\u00f1eca.<\/div>\n<\/div>\n<div><\/div>\n<\/div>\n<\/div>\n<\/section>\n<\/div>\n<\/div>\n<\/div>\n<\/div>\n<div>\n<div>\n<div class=\"embedded-component-container lv\">\n<div>\n<div id=\"pricing-gift-with-purchase-d0a90607-51a5-4d94-9e66-1d4f0fdb8d10\" class=\"None\" data-version=\"1.2036.8\">\n<div class=\"pricing-gift-with-purchase\">\n<div data-reactroot=\"\">\n<div class=\"pricing-price\">\n<div class=\"pricing-price lv\">\n<div class=\"gifts-with-purchase-content\">\n<div>\n<h3><\/h3>\n<h3><\/h3>\n<h3 class=\"heading-5 v-fw-regular feature-heading\">Caracter\u00edsticas<\/h3>\n<div class=\"feature-body-container\">\n<div class=\"features-list-container\">\n<div class=\"features-list all-features\">\n<div class=\"list-row\">\n<div class=\"list-row\"><\/div>\n<div class=\"list-row\">\n<ul>\n<li>GPS<\/li>\n<li>Sensor card\u00edaco \u00f3ptico<\/li>\n<li>Corona digital<\/li>\n<li>S3 con procesador de doble n\u00facleo<\/li>\n<li>Aceler\u00f3metro y giroscopio<\/li>\n<li>Resistente a la nataci\u00f3n\u00b2<\/li>\n<li>watchOS 5<\/li>\n<li>Caja de aluminio<\/li>\n<li>\u00b9Apple Music requiere una suscripci\u00f3n.<\/li>\n<li>\u00b2Est\u00e1ndar ISO 22810: 2010. Apropiado para actividades en aguas poco profundas como nadar. No se recomienda la inmersi\u00f3n por debajo de la profundidad y las actividades acu\u00e1ticas de alta velocidad.<\/li>\n<li>Apple Watch Series 3 (GPS) requiere un iPhone 6s o posterior con iOS 13 o posterior.<\/li>\n<\/ul>\n<\/div>\n<div class=\"header-container header-lv\">\n<h3><\/h3>\n<h3><\/h3>\n<h3><\/h3>\n<h3 class=\"heading-5 v-fw-regular\">Qu\u00e9 est\u00e1 incluido<\/h3>\n<p>&nbsp;<\/p>\n<\/div>\n<div class=\"list-container list-lv\">\n<ul class=\" bold\">\n<li class=\"bold v-fw-medium body-copy\">Caja de aluminio gris espacial<\/li>\n<li class=\"bold v-fw-medium body-copy\">Banda deportiva<\/li>\n<li class=\"bold v-fw-medium body-copy\">Cable de carga magn\u00e9tico de 1 m<\/li>\n<\/ul>\n<\/div>\n<\/div>\n<\/div>\n<\/div>\n<\/div>\n<\/div>\n<\/div>\n<\/div>\n<\/div>\n<\/div>\n<\/div>\n<\/div>\n<\/div>\n<\/div>\n<\/div>\n<\/div>\n","protected":false},"excerpt":{"rendered":"<p>Notificaciones de frecuencia card\u00edaca alta y baja. SOS de emergencia. Esferas de reloj New Breathe. Detecci\u00f3n autom\u00e1tica de entrenamiento. Nuevos entrenamientos de yoga y senderismo. Funciones avanzadas para corredores como<\/p>\n","protected":false},"featured_media":12228,"comment_status":"open","ping_status":"closed","template":"","meta":{"_acf_changed":false,"_joinchat":[]},"product_brand":[],"product_cat":[305,306,312],"product_tag":[],"class_list":{"0":"post-12227","1":"product","2":"type-product","3":"status-publish","4":"has-post-thumbnail","6":"product_cat-wearables","7":"product_cat-apple-watch","8":"product_cat-ver-todo-wearables","10":"first","11":"instock","12":"sale","13":"shipping-taxable","14":"purchasable","15":"product-type-simple"},"acf":[],"_links":{"self":[{"href":"https:\/\/defabrica.com.mx\/defabrica\/wp-json\/wp\/v2\/product\/12227","targetHints":{"allow":["GET"]}}],"collection":[{"href":"https:\/\/defabrica.com.mx\/defabrica\/wp-json\/wp\/v2\/product"}],"about":[{"href":"https:\/\/defabrica.com.mx\/defabrica\/wp-json\/wp\/v2\/types\/product"}],"replies":[{"embeddable":true,"href":"https:\/\/defabrica.com.mx\/defabrica\/wp-json\/wp\/v2\/comments?post=12227"}],"wp:featuredmedia":[{"embeddable":true,"href":"https:\/\/defabrica.com.mx\/defabrica\/wp-json\/wp\/v2\/media\/12228"}],"wp:attachment":[{"href":"https:\/\/defabrica.com.mx\/defabrica\/wp-json\/wp\/v2\/media?parent=12227"}],"wp:term":[{"taxonomy":"product_brand","embeddable":true,"href":"https:\/\/defabrica.com.mx\/defabrica\/wp-json\/wp\/v2\/product_brand?post=12227"},{"taxonomy":"product_cat","embeddable":true,"href":"https:\/\/defabrica.com.mx\/defabrica\/wp-json\/wp\/v2\/product_cat?post=12227"},{"taxonomy":"product_tag","embeddable":true,"href":"https:\/\/defabrica.com.mx\/defabrica\/wp-json\/wp\/v2\/product_tag?post=12227"}],"curies":[{"name":"wp","href":"https:\/\/api.w.org\/{rel}","templated":true}]}}