{"id":105451,"date":"2023-05-17T16:23:00","date_gmt":"2023-05-17T21:23:00","guid":{"rendered":"https:\/\/defabrica.com.mx\/defabrica\/?post_type=product&#038;p=105451"},"modified":"2023-05-17T16:23:00","modified_gmt":"2023-05-17T21:23:00","slug":"bella-pro-series-combo-19-bar-espresso-y-10-cup-drip-coffee-maker-acero-inoxidable","status":"publish","type":"product","link":"https:\/\/defabrica.com.mx\/defabrica\/producto\/bella-pro-series-combo-19-bar-espresso-y-10-cup-drip-coffee-maker-acero-inoxidable\/","title":{"rendered":"Bella Pro Series &#8211; Combo 19-Bar Espresso y 10-Cup Drip Coffee Maker &#8211; Acero inoxidable"},"content":{"rendered":"<div class=\"embedded-component-container lv product-description\">\n<div>\n<div id=\"shop-product-description-3587451\" class=\"_none\" data-version=\"1.3.58\">\n<div class=\"shop-product-description\">\n<section class=\"align-heading-left\" data-reactroot=\"\">\n<div class=\"long-description-container body-copy \">\n<div class=\"html-fragment\"><span>Sea su propio barista con la cafetera Bella Pro Series Combo 19-Bar Espresso &amp; 10-Cup Drip Coffee Maker.\u00a0Este b\u00e1sico de cocina 2 en 1 ofrece espressos, capuchinos, lattes y caf\u00e9 de goteo con solo tocar un bot\u00f3n.\u00a0La presi\u00f3n de 19 bares proporciona un espresso rico y suave con una perilla ajustable para cambiar entre Espresso, Steam y Off.\u00a0La varita de vapor f\u00e1cil de usar calienta y hace espuma de leche r\u00e1pidamente con una cubierta extra\u00edble para facilitar la limpieza.\u00a0Bandeja de goteo extra\u00edble y cuchar\u00f3n reutilizable con tamper incluido.\u00a0La cafetera de goteo de 10 tazas se puede programar con hasta 24 horas de anticipaci\u00f3n con una funci\u00f3n para mantener caliente para mayor comodidad.\u00a0Luces indicadoras para un funcionamiento sin problemas, pico de jarra de flujo f\u00e1cil y filtro dorado permanente extra\u00edble y reutilizable incluido.<\/span><\/div>\n<\/div>\n<\/section>\n<\/div>\n<\/div>\n<\/div>\n<\/div>\n<div class=\"embedded-component-container lv is-not-embedded\">\n<h3><\/h3>\n<h3 class=\"product-info-heading heading-5 v-fw-regular w-md-1\/4 mb-150\"><strong>Caracter\u00edsticas<\/strong><\/h3>\n<ul>\n<li><strong>Hacer una variedad de bebidas calientes<\/strong><br \/>\nProduce espressos, capuchinos, lattes y 10 tazas de caf\u00e9 de goteo con solo tocar un bot\u00f3n.<\/li>\n<li><strong>presi\u00f3n de 19 bares<\/strong><br \/>\nBrinda sabores ricos y suaves en su espresso.<\/li>\n<li><strong>1650W de potencia<\/strong><br \/>\nPotente sistema de preparaci\u00f3n y presi\u00f3n de 19 bares para espressos, cappuccinos, lattes y caf\u00e9 de goteo.<\/li>\n<li><strong>Funci\u00f3n mantener caliente<\/strong><br \/>\nProgramable hasta con 24 horas de anticipaci\u00f3n, el caf\u00e9 se mantiene caliente y listo para servir con la conveniente funci\u00f3n de mantener caliente.<\/li>\n<li><strong>pausa de preparaci\u00f3n<\/strong><br \/>\nLe permite interrumpir el ciclo de preparaci\u00f3n para servir una taza de caf\u00e9 sin ensuciar.<\/li>\n<li><strong>Direccionales<\/strong><br \/>\nHabilite la operaci\u00f3n sin problemas.<\/li>\n<li><strong>F\u00e1cil de limpiar<\/strong><br \/>\nLa cubierta extra\u00edble y la bandeja de goteo facilitan la limpieza.<\/li>\n<li><strong>Accesorios reutilizables<\/strong><br \/>\nIncluye filtro dorado, cuchar\u00f3n y pico de jarra de f\u00e1cil flujo.<\/li>\n<li><strong>Acabado en acero inoxidable<\/strong><br \/>\nEl elegante acabado de acero inoxidable a\u00f1ade estilo a cualquier cocina.<\/li>\n<\/ul>\n<\/div>\n","protected":false},"excerpt":{"rendered":"<p>Sea su propio barista con la cafetera Bella Pro Series Combo 19-Bar Espresso &amp; 10-Cup Drip Coffee Maker.\u00a0Este b\u00e1sico de cocina 2 en 1 ofrece espressos, capuchinos, lattes y caf\u00e9<\/p>\n","protected":false},"featured_media":105452,"comment_status":"open","ping_status":"closed","template":"","meta":{"_acf_changed":false,"_joinchat":[]},"product_brand":[],"product_cat":[1522,336,337,947],"product_tag":[],"class_list":{"0":"post-105451","1":"product","2":"type-product","3":"status-publish","4":"has-post-thumbnail","6":"product_cat-ofertas-hogar","7":"product_cat-hogar","8":"product_cat-cocina","9":"product_cat-teteras-maquinas-de-te-y-cafe","11":"first","12":"instock","13":"sale","14":"shipping-taxable","15":"purchasable","16":"product-type-simple"},"acf":[],"_links":{"self":[{"href":"https:\/\/defabrica.com.mx\/defabrica\/wp-json\/wp\/v2\/product\/105451","targetHints":{"allow":["GET"]}}],"collection":[{"href":"https:\/\/defabrica.com.mx\/defabrica\/wp-json\/wp\/v2\/product"}],"about":[{"href":"https:\/\/defabrica.com.mx\/defabrica\/wp-json\/wp\/v2\/types\/product"}],"replies":[{"embeddable":true,"href":"https:\/\/defabrica.com.mx\/defabrica\/wp-json\/wp\/v2\/comments?post=105451"}],"wp:featuredmedia":[{"embeddable":true,"href":"https:\/\/defabrica.com.mx\/defabrica\/wp-json\/wp\/v2\/media\/105452"}],"wp:attachment":[{"href":"https:\/\/defabrica.com.mx\/defabrica\/wp-json\/wp\/v2\/media?parent=105451"}],"wp:term":[{"taxonomy":"product_brand","embeddable":true,"href":"https:\/\/defabrica.com.mx\/defabrica\/wp-json\/wp\/v2\/product_brand?post=105451"},{"taxonomy":"product_cat","embeddable":true,"href":"https:\/\/defabrica.com.mx\/defabrica\/wp-json\/wp\/v2\/product_cat?post=105451"},{"taxonomy":"product_tag","embeddable":true,"href":"https:\/\/defabrica.com.mx\/defabrica\/wp-json\/wp\/v2\/product_tag?post=105451"}],"curies":[{"name":"wp","href":"https:\/\/api.w.org\/{rel}","templated":true}]}}