{"id":105269,"date":"2023-05-11T14:44:53","date_gmt":"2023-05-11T19:44:53","guid":{"rendered":"https:\/\/defabrica.com.mx\/defabrica\/?post_type=product&#038;p=105269"},"modified":"2023-05-11T14:44:53","modified_gmt":"2023-05-11T19:44:53","slug":"kitchenaid-batidora-de-mano-de-5-velocidades-khm512er-rojo-imperio","status":"publish","type":"product","link":"https:\/\/defabrica.com.mx\/defabrica\/producto\/kitchenaid-batidora-de-mano-de-5-velocidades-khm512er-rojo-imperio\/","title":{"rendered":"KitchenAid &#8211; Batidora de mano de 5 velocidades KHM512ER &#8211; Rojo imperio"},"content":{"rendered":"<div class=\"product-description\"><span>Prepare alimentos r\u00e1pidamente con esta batidora manual de 5 velocidades KitchenAid KHM512ER, que cuenta con un motor de CC liviano para mezclar potencia y 2 accesorios Turbo Beater de acero inoxidable para mezclar completamente una variedad de ingredientes.<\/span><\/div>\n<div class=\"product-description-banners-lv\">\n<div class=\"product-description-banner\" data-track=\"description-html-asset:Elevate everyday meals with KitchenAid.\">\n<h3><\/h3>\n<h3 class=\"product-info-heading heading-5 v-fw-regular w-md-1\/4 mb-150\"><strong>Caracter\u00edsticas<\/strong><\/h3>\n<ul>\n<li><strong>Control de velocidad mec\u00e1nico<\/strong><br \/>\nFacilita el ajuste de la velocidad del motor.<\/li>\n<li><strong>Motor de CC ligero<\/strong><br \/>\nProporciona mucha potencia para mezclar una variedad de alimentos.<\/li>\n<li><strong>5 velocidades de mezcla<\/strong><br \/>\nOfrezca un control preciso mientras mezcla masa para galletas, masa para pasteles y m\u00e1s.<\/li>\n<li><strong>2 accesorios Turbo Beater de acero inoxidable<\/strong><br \/>\nSin postes centrales, mezcle bien los ingredientes mientras acumula una masa m\u00ednima. El dise\u00f1o apto para lavavajillas simplifica la limpieza.<\/li>\n<li><strong>Salidas de aire<\/strong><br \/>\nAyuda a prevenir la obstrucci\u00f3n.<\/li>\n<li><strong>Bot\u00f3n de expulsi\u00f3n del batidor de gran tama\u00f1o<\/strong><br \/>\nFacilita la liberaci\u00f3n de los batidores cuando haya terminado de mezclar.<\/li>\n<li><strong>Empu\u00f1adura redondeada<\/strong><br \/>\nSe adapta c\u00f3modamente a manos de muchos tama\u00f1os.<\/li>\n<li><strong>Descanso de tal\u00f3n sin punta<\/strong><br \/>\nLe permite sostener la batidora para mayor estabilidad cuando no est\u00e1 en uso.<\/li>\n<\/ul>\n<\/div>\n<\/div>\n","protected":false},"excerpt":{"rendered":"<p>Prepare alimentos r\u00e1pidamente con esta batidora manual de 5 velocidades KitchenAid KHM512ER, que cuenta con un motor de CC liviano para mezclar potencia y 2 accesorios Turbo Beater de acero<\/p>\n","protected":false},"featured_media":105270,"comment_status":"open","ping_status":"closed","template":"","meta":{"_acf_changed":false,"_joinchat":[]},"product_brand":[],"product_cat":[336,337,986],"product_tag":[],"class_list":{"0":"post-105269","1":"product","2":"type-product","3":"status-publish","4":"has-post-thumbnail","6":"product_cat-hogar","7":"product_cat-cocina","8":"product_cat-batidoras","10":"first","11":"instock","12":"sale","13":"shipping-taxable","14":"purchasable","15":"product-type-simple"},"acf":[],"_links":{"self":[{"href":"https:\/\/defabrica.com.mx\/defabrica\/wp-json\/wp\/v2\/product\/105269","targetHints":{"allow":["GET"]}}],"collection":[{"href":"https:\/\/defabrica.com.mx\/defabrica\/wp-json\/wp\/v2\/product"}],"about":[{"href":"https:\/\/defabrica.com.mx\/defabrica\/wp-json\/wp\/v2\/types\/product"}],"replies":[{"embeddable":true,"href":"https:\/\/defabrica.com.mx\/defabrica\/wp-json\/wp\/v2\/comments?post=105269"}],"wp:featuredmedia":[{"embeddable":true,"href":"https:\/\/defabrica.com.mx\/defabrica\/wp-json\/wp\/v2\/media\/105270"}],"wp:attachment":[{"href":"https:\/\/defabrica.com.mx\/defabrica\/wp-json\/wp\/v2\/media?parent=105269"}],"wp:term":[{"taxonomy":"product_brand","embeddable":true,"href":"https:\/\/defabrica.com.mx\/defabrica\/wp-json\/wp\/v2\/product_brand?post=105269"},{"taxonomy":"product_cat","embeddable":true,"href":"https:\/\/defabrica.com.mx\/defabrica\/wp-json\/wp\/v2\/product_cat?post=105269"},{"taxonomy":"product_tag","embeddable":true,"href":"https:\/\/defabrica.com.mx\/defabrica\/wp-json\/wp\/v2\/product_tag?post=105269"}],"curies":[{"name":"wp","href":"https:\/\/api.w.org\/{rel}","templated":true}]}}