{"id":105251,"date":"2023-05-11T14:26:13","date_gmt":"2023-05-11T19:26:13","guid":{"rendered":"https:\/\/defabrica.com.mx\/defabrica\/?post_type=product&#038;p=105251"},"modified":"2023-05-11T14:26:13","modified_gmt":"2023-05-11T19:26:13","slug":"vtech-monitor-de-video-para-bebes-de-5-con-luz-nocturna-adaptable-blanco","status":"publish","type":"product","link":"https:\/\/defabrica.com.mx\/defabrica\/producto\/vtech-monitor-de-video-para-bebes-de-5-con-luz-nocturna-adaptable-blanco\/","title":{"rendered":"VTech &#8211; Monitor de video para beb\u00e9s de 5&#8243; con luz nocturna adaptable &#8211; Blanco"},"content":{"rendered":"<div class=\"embedded-component-container lv product-description\">\n<div>\n<div id=\"shop-product-description-72988369\" class=\"_none\" data-version=\"1.3.58\">\n<div class=\"shop-product-description\">\n<section class=\"align-heading-left\" data-reactroot=\"\">\n<div class=\"long-description-container body-copy \">\n<div class=\"html-fragment\"><span>Controle a su peque\u00f1o con una gran pantalla LCD de 5 pulgadas en el monitor de video digital para beb\u00e9s VTech VM5254 con luz nocturna.\u00a0Tranquilice a su beb\u00e9 con la luz nocturna multicolor y las canciones de cuna y los sonidos suaves que se reproducen directamente desde la unidad del beb\u00e9.\u00a0Adem\u00e1s, puede asegurarse de que su beb\u00e9 est\u00e9 c\u00f3modo al monitorear la temperatura de la habitaci\u00f3n del beb\u00e9 que se muestra en la pantalla LCD grande de 5\u201d.\u00a0Lo mejor de todo es que puede registrarse durante la siesta o despu\u00e9s del anochecer gracias a la visi\u00f3n nocturna infrarroja autom\u00e1tica.<\/span><\/div>\n<\/div>\n<\/section>\n<\/div>\n<\/div>\n<\/div>\n<\/div>\n<div class=\"embedded-component-container lv is-not-embedded\">\n<h3><\/h3>\n<h3 class=\"product-info-heading heading-5 v-fw-regular w-md-1\/4 mb-150\"><strong>Caracter\u00edsticas<\/strong><\/h3>\n<ul>\n<li><strong>Pantalla LCD a color de 5 pulgadas de alta resoluci\u00f3n<\/strong><br \/>\nVea claramente cada peque\u00f1o movimiento directamente desde la unidad de padres de alta resoluci\u00f3n de 5&#8243;. Cuando revise a su beb\u00e9, sentir\u00e1 que nunca ha salido de la habitaci\u00f3n.<\/li>\n<li><strong>Luz nocturna adaptativa<\/strong><br \/>\nSe ajusta autom\u00e1ticamente al brillo de su cuarto de ni\u00f1os de d\u00eda o de noche, creando el mejor ambiente para dormir. Elige entre 7 colores diferentes. Habilite la funci\u00f3n de encendido autom\u00e1tico para encender la luz nocturna cuando se detecte ruido para ayudar a que su beb\u00e9 vuelva a dormirse.<\/li>\n<li><strong>Sonidos relajantes y canciones de cuna<\/strong><br \/>\nCinco melod\u00edas relajantes y cuatro sonidos ambientales suaves, que incluyen un chorro de agua y un ruido blanco, ayudan a su beb\u00e9 a caer en un dulce sue\u00f1o.<\/li>\n<li><strong>Intercomunicador bidireccional de respuesta<\/strong><br \/>\nA veces todo lo que su beb\u00e9 necesita es escuchar el sonido de su voz. Consuele a su beb\u00e9 desde cualquier habitaci\u00f3n con el intercomunicador incorporado en la unidad port\u00e1til para padres.<\/li>\n<li><strong>Sensor de temperatura<\/strong><br \/>\nMant\u00e9n a tu peque\u00f1o c\u00f3modo. El indicador de temperatura en la unidad de padres le permite saber cu\u00e1ndo es el momento de ajustar el termostato.<\/li>\n<li><strong>\u00c1ngulo de c\u00e1mara ajustable<\/strong><br \/>\nLa c\u00e1mara es f\u00e1cil de ajustar, por lo que puede tener la mejor vista sin importar d\u00f3nde coloque la unidad del beb\u00e9.<\/li>\n<li><strong>Visi\u00f3n nocturna infrarroja autom\u00e1tica<\/strong><br \/>\nLa c\u00e1mara detecta autom\u00e1ticamente la luz tenue, por lo que puede ver los estiramientos y bostezos de su beb\u00e9 incluso en habitaciones oscuras.<\/li>\n<li><strong>Indicador de sonido de 9 niveles<\/strong><br \/>\nLos LED en la unidad de padres indican el nivel de sonido en la habitaci\u00f3n de su beb\u00e9 para que pueda monitorear visualmente el nivel de ruido con la unidad silenciada.<\/li>\n<li><strong>Calmante activado por sonido<\/strong><br \/>\nEnciende la luz nocturna o la proyecci\u00f3n cuando se detecta sonido.<\/li>\n<\/ul>\n<\/div>\n","protected":false},"excerpt":{"rendered":"<p>Controle a su peque\u00f1o con una gran pantalla LCD de 5 pulgadas en el monitor de video digital para beb\u00e9s VTech VM5254 con luz nocturna.\u00a0Tranquilice a su beb\u00e9 con la<\/p>\n","protected":false},"featured_media":105252,"comment_status":"open","ping_status":"closed","template":"","meta":{"_acf_changed":false,"_joinchat":[]},"product_brand":[],"product_cat":[336],"product_tag":[],"class_list":{"0":"post-105251","1":"product","2":"type-product","3":"status-publish","4":"has-post-thumbnail","6":"product_cat-hogar","8":"first","9":"instock","10":"sale","11":"shipping-taxable","12":"purchasable","13":"product-type-simple"},"acf":[],"_links":{"self":[{"href":"https:\/\/defabrica.com.mx\/defabrica\/wp-json\/wp\/v2\/product\/105251","targetHints":{"allow":["GET"]}}],"collection":[{"href":"https:\/\/defabrica.com.mx\/defabrica\/wp-json\/wp\/v2\/product"}],"about":[{"href":"https:\/\/defabrica.com.mx\/defabrica\/wp-json\/wp\/v2\/types\/product"}],"replies":[{"embeddable":true,"href":"https:\/\/defabrica.com.mx\/defabrica\/wp-json\/wp\/v2\/comments?post=105251"}],"wp:featuredmedia":[{"embeddable":true,"href":"https:\/\/defabrica.com.mx\/defabrica\/wp-json\/wp\/v2\/media\/105252"}],"wp:attachment":[{"href":"https:\/\/defabrica.com.mx\/defabrica\/wp-json\/wp\/v2\/media?parent=105251"}],"wp:term":[{"taxonomy":"product_brand","embeddable":true,"href":"https:\/\/defabrica.com.mx\/defabrica\/wp-json\/wp\/v2\/product_brand?post=105251"},{"taxonomy":"product_cat","embeddable":true,"href":"https:\/\/defabrica.com.mx\/defabrica\/wp-json\/wp\/v2\/product_cat?post=105251"},{"taxonomy":"product_tag","embeddable":true,"href":"https:\/\/defabrica.com.mx\/defabrica\/wp-json\/wp\/v2\/product_tag?post=105251"}],"curies":[{"name":"wp","href":"https:\/\/api.w.org\/{rel}","templated":true}]}}