{"id":105210,"date":"2023-04-29T17:10:45","date_gmt":"2023-04-29T22:10:45","guid":{"rendered":"https:\/\/defabrica.com.mx\/defabrica\/?post_type=product&#038;p=105210"},"modified":"2023-04-29T17:10:45","modified_gmt":"2023-04-29T22:10:45","slug":"neutype-espejo-de-cuerpo-entero-con-marco-de-mdf-de-59-x-16-pulgadas","status":"publish","type":"product","link":"https:\/\/defabrica.com.mx\/defabrica\/producto\/neutype-espejo-de-cuerpo-entero-con-marco-de-mdf-de-59-x-16-pulgadas\/","title":{"rendered":"NeuType Espejo de cuerpo entero con marco de MDF de 59 x 16 pulgadas"},"content":{"rendered":"<p>80% Vidrio, 20% Mdf<br \/>\n\u3010LONGITUD COMPLETA DEL ESPEJO\u3011 Tama\u00f1o: 59 \u00abx 16\u00bb, longitud completa para ver toda su figura. Ciertamente, no solo para comprobar su apariencia, los espejos pueden abrir una habitaci\u00f3n, dejar que la luz rebote y agregar un toque de estilo. Ofrece un dise\u00f1o vers\u00e1til que funciona tanto en la est\u00e9tica cl\u00e1sica como en la contempor\u00e1nea.<br \/>\n\u3010MDF RFAME\u3011Este espejo de cuerpo completo minimalista est\u00e1 hecho de un marco de MDF sostenible de alto rendimiento, que promete resistencia y durabilidad. Su marco elegante y con l\u00edneas limpias tiene un acabado cl\u00e1sico y acent\u00faa cualquier decoraci\u00f3n. Dale un nuevo aire a tu hogar u oficina con este gran espejo. Este espejo puede mejorar la apariencia de cualquier habitaci\u00f3n.<br \/>\n\u3010VIDRIO DE ALTA DEFINICI\u00d3N\u3011Alta definici\u00f3n. La prevenci\u00f3n de dispersi\u00f3n y la membrana a prueba de explosiones, los vidrios rotos a prueba de explosiones no se derramar\u00e1n incluso si se ven afectados por una fuerza externa, m\u00e1s seguros y protectores. Espejo plateado sin cobre, respetuoso con el medio ambiente. Recubrimiento con nitrato de plata, tratamiento antioxidante, no se oxida ni se oxida. Multicapa, m\u00e1s protecci\u00f3n. Tecnolog\u00eda original de sellado de bordes, duradera y m\u00e1s duradera.<br \/>\n\u3010TODO COMBINADO\u3011 El espejo puede colocarse en cualquier lugar con el soporte de pie. Tambi\u00e9n puede apoyarlo contra una pared o colgarlo verticalmente en la pared para ahorrar espacio.<\/p>\n","protected":false},"excerpt":{"rendered":"<p>80% Vidrio, 20% Mdf \u3010LONGITUD COMPLETA DEL ESPEJO\u3011 Tama\u00f1o: 59 \u00abx 16\u00bb, longitud completa para ver toda su figura. Ciertamente, no solo para comprobar su apariencia, los espejos pueden abrir<\/p>\n","protected":false},"featured_media":105211,"comment_status":"open","ping_status":"closed","template":"","meta":{"_acf_changed":false,"_joinchat":[]},"product_brand":[],"product_cat":[336],"product_tag":[],"class_list":{"0":"post-105210","1":"product","2":"type-product","3":"status-publish","4":"has-post-thumbnail","6":"product_cat-hogar","8":"first","9":"instock","10":"sale","11":"shipping-taxable","12":"purchasable","13":"product-type-simple"},"acf":[],"_links":{"self":[{"href":"https:\/\/defabrica.com.mx\/defabrica\/wp-json\/wp\/v2\/product\/105210","targetHints":{"allow":["GET"]}}],"collection":[{"href":"https:\/\/defabrica.com.mx\/defabrica\/wp-json\/wp\/v2\/product"}],"about":[{"href":"https:\/\/defabrica.com.mx\/defabrica\/wp-json\/wp\/v2\/types\/product"}],"replies":[{"embeddable":true,"href":"https:\/\/defabrica.com.mx\/defabrica\/wp-json\/wp\/v2\/comments?post=105210"}],"wp:featuredmedia":[{"embeddable":true,"href":"https:\/\/defabrica.com.mx\/defabrica\/wp-json\/wp\/v2\/media\/105211"}],"wp:attachment":[{"href":"https:\/\/defabrica.com.mx\/defabrica\/wp-json\/wp\/v2\/media?parent=105210"}],"wp:term":[{"taxonomy":"product_brand","embeddable":true,"href":"https:\/\/defabrica.com.mx\/defabrica\/wp-json\/wp\/v2\/product_brand?post=105210"},{"taxonomy":"product_cat","embeddable":true,"href":"https:\/\/defabrica.com.mx\/defabrica\/wp-json\/wp\/v2\/product_cat?post=105210"},{"taxonomy":"product_tag","embeddable":true,"href":"https:\/\/defabrica.com.mx\/defabrica\/wp-json\/wp\/v2\/product_tag?post=105210"}],"curies":[{"name":"wp","href":"https:\/\/api.w.org\/{rel}","templated":true}]}}