{"id":105143,"date":"2023-04-12T14:05:22","date_gmt":"2023-04-12T19:05:22","guid":{"rendered":"https:\/\/defabrica.com.mx\/defabrica\/?post_type=product&#038;p=105143"},"modified":"2023-04-12T14:05:22","modified_gmt":"2023-04-12T19:05:22","slug":"beats-studio3-auriculares-inalambricos","status":"publish","type":"product","link":"https:\/\/defabrica.com.mx\/defabrica\/producto\/beats-studio3-auriculares-inalambricos\/","title":{"rendered":"Beats Studio3 Auriculares inal\u00e1mbricos"},"content":{"rendered":"<ul class=\"a-unordered-list a-vertical a-spacing-mini\">\n<li><span class=\"a-list-item\"><span>Auriculares inal\u00e1mbricos con cancelaci\u00f3n de ruido de alto rendimiento<\/span><\/span><\/li>\n<li><span class=\"a-list-item\"><span>Compatible con dispositivos iOS y Android.<\/span><\/span><\/li>\n<li><span class=\"a-list-item\"><span>La cancelaci\u00f3n de ruido adaptativa pura (ANC pura) bloquea activamente el ruido externo<\/span><\/span><\/li>\n<li><span class=\"a-list-item\"><span>La calibraci\u00f3n de audio en tiempo real conserva una experiencia auditiva Premium<\/span><\/span><\/li>\n<li><span class=\"a-list-item\"><span>Hasta 22 horas de duraci\u00f3n de la bater\u00eda permite una reproducci\u00f3n inal\u00e1mbrica completa durante todo el d\u00eda<\/span><\/span><\/li>\n<li><span class=\"a-list-item\"><span>El chip W1 de Apple y la tecnolog\u00eda Bluetooth l\u00edder en la industria lo mantienen conectado m\u00e1s lejos con menos interrupciones<\/span><\/span><\/li>\n<li><span class=\"a-list-item\"><span>Con combustible r\u00e1pido, una carga de 10 minutos proporciona 3 horas de juego cuando la bater\u00eda est\u00e1 baja.\u00a0Bater\u00eda recargable de iones de litio<\/span><\/span><\/li>\n<\/ul>\n<div class=\"a-row a-expander-container a-expander-inline-container\"><\/div>\n","protected":false},"excerpt":{"rendered":"<p>Auriculares inal\u00e1mbricos con cancelaci\u00f3n de ruido de alto rendimiento Compatible con dispositivos iOS y Android. La cancelaci\u00f3n de ruido adaptativa pura (ANC pura) bloquea activamente el ruido externo La calibraci\u00f3n<\/p>\n","protected":false},"featured_media":105144,"comment_status":"open","ping_status":"closed","template":"","meta":{"_acf_changed":false,"_joinchat":[]},"product_brand":[],"product_cat":[294,300,304],"product_tag":[],"class_list":{"0":"post-105143","1":"product","2":"type-product","3":"status-publish","4":"has-post-thumbnail","6":"product_cat-audio","7":"product_cat-audifonos","8":"product_cat-inalambricos","10":"first","11":"instock","12":"sale","13":"shipping-taxable","14":"purchasable","15":"product-type-simple"},"acf":[],"_links":{"self":[{"href":"https:\/\/defabrica.com.mx\/defabrica\/wp-json\/wp\/v2\/product\/105143","targetHints":{"allow":["GET"]}}],"collection":[{"href":"https:\/\/defabrica.com.mx\/defabrica\/wp-json\/wp\/v2\/product"}],"about":[{"href":"https:\/\/defabrica.com.mx\/defabrica\/wp-json\/wp\/v2\/types\/product"}],"replies":[{"embeddable":true,"href":"https:\/\/defabrica.com.mx\/defabrica\/wp-json\/wp\/v2\/comments?post=105143"}],"wp:featuredmedia":[{"embeddable":true,"href":"https:\/\/defabrica.com.mx\/defabrica\/wp-json\/wp\/v2\/media\/105144"}],"wp:attachment":[{"href":"https:\/\/defabrica.com.mx\/defabrica\/wp-json\/wp\/v2\/media?parent=105143"}],"wp:term":[{"taxonomy":"product_brand","embeddable":true,"href":"https:\/\/defabrica.com.mx\/defabrica\/wp-json\/wp\/v2\/product_brand?post=105143"},{"taxonomy":"product_cat","embeddable":true,"href":"https:\/\/defabrica.com.mx\/defabrica\/wp-json\/wp\/v2\/product_cat?post=105143"},{"taxonomy":"product_tag","embeddable":true,"href":"https:\/\/defabrica.com.mx\/defabrica\/wp-json\/wp\/v2\/product_tag?post=105143"}],"curies":[{"name":"wp","href":"https:\/\/api.w.org\/{rel}","templated":true}]}}