{"id":105012,"date":"2023-03-14T15:57:36","date_gmt":"2023-03-14T21:57:36","guid":{"rendered":"https:\/\/defabrica.com.mx\/defabrica\/?post_type=product&#038;p=105012"},"modified":"2023-03-14T15:57:36","modified_gmt":"2023-03-14T21:57:36","slug":"mueble-escritorio-mesa-de-1-cajon","status":"publish","type":"product","link":"https:\/\/defabrica.com.mx\/defabrica\/producto\/mueble-escritorio-mesa-de-1-cajon\/","title":{"rendered":"Mueble Escritorio\/mesa De 1 Caj\u00f3n"},"content":{"rendered":"<p>Mueble tipo escritorio individual home office color Casta\u00f1o, cuenta con 1 caj\u00f3n largo, este escritorio es perfecto para espacios peque\u00f1os dado su dise\u00f1o se vuelve muy practico para oficina u hogar.<\/p>\n<p>Fabricado en Paneles de Madera industrializada (MDP) tienen un grosor 15 mm, acabados con recubrimiento en melamina. La mejor opci\u00f3n en calidad-precio del mercado.<\/p>\n<p>\u201cREQUIERE ENSAMBLAJE POR PARTE DEL CLIENTE, INCLUYE MANUAL DE ARMADO Y TORNILLERIA NECESARIA, NO INCLUYE ACCESORIOS DE DECORACI\u00d3N.\u201d<\/p>\n<p>Muebles para armar (RTA), ofrecen bienestar en el mueble de forma creativa, siempre en armon\u00eda con el consumidor y el medio ambiente, muebles de calidad con dise\u00f1o moderno.<br \/>\nRecomendaciones: Limpiar con pa\u00f1o seco, no usar solventes ni abrasivos. Evitar humedad.<\/p>\n","protected":false},"excerpt":{"rendered":"<p>Mueble tipo escritorio individual home office color Casta\u00f1o, cuenta con 1 caj\u00f3n largo, este escritorio es perfecto para espacios peque\u00f1os dado su dise\u00f1o se vuelve muy practico para oficina u<\/p>\n","protected":false},"featured_media":105013,"comment_status":"open","ping_status":"closed","template":"","meta":{"_acf_changed":false,"_joinchat":[]},"product_brand":[],"product_cat":[1828,1823,1824],"product_tag":[],"class_list":{"0":"post-105012","1":"product","2":"type-product","3":"status-publish","4":"has-post-thumbnail","6":"product_cat-mesas-computacion","7":"product_cat-muebles","8":"product_cat-muebles-hogar","10":"first","11":"instock","12":"sale","13":"shipping-taxable","14":"purchasable","15":"product-type-simple"},"acf":[],"_links":{"self":[{"href":"https:\/\/defabrica.com.mx\/defabrica\/wp-json\/wp\/v2\/product\/105012","targetHints":{"allow":["GET"]}}],"collection":[{"href":"https:\/\/defabrica.com.mx\/defabrica\/wp-json\/wp\/v2\/product"}],"about":[{"href":"https:\/\/defabrica.com.mx\/defabrica\/wp-json\/wp\/v2\/types\/product"}],"replies":[{"embeddable":true,"href":"https:\/\/defabrica.com.mx\/defabrica\/wp-json\/wp\/v2\/comments?post=105012"}],"wp:featuredmedia":[{"embeddable":true,"href":"https:\/\/defabrica.com.mx\/defabrica\/wp-json\/wp\/v2\/media\/105013"}],"wp:attachment":[{"href":"https:\/\/defabrica.com.mx\/defabrica\/wp-json\/wp\/v2\/media?parent=105012"}],"wp:term":[{"taxonomy":"product_brand","embeddable":true,"href":"https:\/\/defabrica.com.mx\/defabrica\/wp-json\/wp\/v2\/product_brand?post=105012"},{"taxonomy":"product_cat","embeddable":true,"href":"https:\/\/defabrica.com.mx\/defabrica\/wp-json\/wp\/v2\/product_cat?post=105012"},{"taxonomy":"product_tag","embeddable":true,"href":"https:\/\/defabrica.com.mx\/defabrica\/wp-json\/wp\/v2\/product_tag?post=105012"}],"curies":[{"name":"wp","href":"https:\/\/api.w.org\/{rel}","templated":true}]}}