{"id":104848,"date":"2023-03-10T14:42:48","date_gmt":"2023-03-10T20:42:48","guid":{"rendered":"https:\/\/defabrica.com.mx\/defabrica\/?post_type=product&#038;p=104848"},"modified":"2023-03-10T14:42:48","modified_gmt":"2023-03-10T20:42:48","slug":"mueble-escritorio-esquinero-en-l-con-1-cajon","status":"publish","type":"product","link":"https:\/\/defabrica.com.mx\/defabrica\/producto\/mueble-escritorio-esquinero-en-l-con-1-cajon\/","title":{"rendered":"Mueble Escritorio Esquinero En L Con 1 Caj\u00f3n"},"content":{"rendered":"<p>Descripci\u00f3n<br \/>\nMueble tipo escritorio color casta\u00f1o, consta de 1 caj\u00f3n para colocar tus accesorios, en forma de L tipo esquinero, la amplia cubierta te brinda un gran espacio de trabajo.<\/p>\n<p>Fabricado en Paneles de Madera industrializada (MDP) tienen un grosor 15 mm, acabados con recubrimiento en melamina. La mejor opci\u00f3n en calidad-precio del mercado.<\/p>\n<p>\u201cREQUIERE ENSAMBLAJE POR PARTE DEL CLIENTE, INCLUYE MANUAL DE ARMADO Y TORNILLERIA NECESARIA, NO INCLUYE ACCESORIOS DE DECORACI\u00d3N.\u201d<\/p>\n<p>Muebles para armar (RTA), ofrecen bienestar en el mueble de forma creativa, siempre en armon\u00eda con el consumidor y el medio ambiente, muebles de calidad con dise\u00f1o moderno.<br \/>\nRecomendaciones: Limpiar con pa\u00f1o seco, no usar solventes ni abrasivos. Evitar humedad.<\/p>\n","protected":false},"excerpt":{"rendered":"<p>Descripci\u00f3n Mueble tipo escritorio color casta\u00f1o, consta de 1 caj\u00f3n para colocar tus accesorios, en forma de L tipo esquinero, la amplia cubierta te brinda un gran espacio de trabajo.<\/p>\n","protected":false},"featured_media":104849,"comment_status":"open","ping_status":"closed","template":"","meta":{"_acf_changed":false,"_joinchat":[]},"product_brand":[],"product_cat":[1827,1823,1824],"product_tag":[],"class_list":{"0":"post-104848","1":"product","2":"type-product","3":"status-publish","4":"has-post-thumbnail","6":"product_cat-escritorios","7":"product_cat-muebles","8":"product_cat-muebles-hogar","10":"first","11":"instock","12":"sale","13":"shipping-taxable","14":"purchasable","15":"product-type-simple"},"acf":[],"_links":{"self":[{"href":"https:\/\/defabrica.com.mx\/defabrica\/wp-json\/wp\/v2\/product\/104848","targetHints":{"allow":["GET"]}}],"collection":[{"href":"https:\/\/defabrica.com.mx\/defabrica\/wp-json\/wp\/v2\/product"}],"about":[{"href":"https:\/\/defabrica.com.mx\/defabrica\/wp-json\/wp\/v2\/types\/product"}],"replies":[{"embeddable":true,"href":"https:\/\/defabrica.com.mx\/defabrica\/wp-json\/wp\/v2\/comments?post=104848"}],"wp:featuredmedia":[{"embeddable":true,"href":"https:\/\/defabrica.com.mx\/defabrica\/wp-json\/wp\/v2\/media\/104849"}],"wp:attachment":[{"href":"https:\/\/defabrica.com.mx\/defabrica\/wp-json\/wp\/v2\/media?parent=104848"}],"wp:term":[{"taxonomy":"product_brand","embeddable":true,"href":"https:\/\/defabrica.com.mx\/defabrica\/wp-json\/wp\/v2\/product_brand?post=104848"},{"taxonomy":"product_cat","embeddable":true,"href":"https:\/\/defabrica.com.mx\/defabrica\/wp-json\/wp\/v2\/product_cat?post=104848"},{"taxonomy":"product_tag","embeddable":true,"href":"https:\/\/defabrica.com.mx\/defabrica\/wp-json\/wp\/v2\/product_tag?post=104848"}],"curies":[{"name":"wp","href":"https:\/\/api.w.org\/{rel}","templated":true}]}}