{"id":103334,"date":"2023-01-02T13:17:17","date_gmt":"2023-01-02T19:17:17","guid":{"rendered":"https:\/\/defabrica.com.mx\/defabrica\/?post_type=product&#038;p=103334"},"modified":"2023-01-02T13:17:17","modified_gmt":"2023-01-02T19:17:17","slug":"funda-ghostek-exec-para-iphone-14-pro-max-rosa-con-porta-tarjetas","status":"publish","type":"product","link":"https:\/\/defabrica.com.mx\/defabrica\/producto\/funda-ghostek-exec-para-iphone-14-pro-max-rosa-con-porta-tarjetas\/","title":{"rendered":"Funda GHOSTEK Exec para iPhone 14 PRO MAX Rosa con porta tarjetas"},"content":{"rendered":"<p>Ghostek Exec est\u00e1 fabricada con doble capa para as\u00ed brindar una gran protecci\u00f3n a tu tel\u00e9fono.<\/p>\n<p><strong>Especificaciones :<br \/>\n<\/strong><\/p>\n<ul>\n<li>Compatible solo para\u00a0<strong>iPhone 14 PRO MAX (No para 14 normal ni Plus ni Pro)<\/strong><\/li>\n<li>Marca Ghostek reconocida a nivel mundial.<\/li>\n<li>Fabricada en dos capas para brindar la mayor protecci\u00f3n<strong>.<br \/>\n<\/strong><\/li>\n<li><strong>Magnetos MagSafe incrustados en la funda.<\/strong><\/li>\n<li>Porta tarjetero removible con capacidad de 3 tarjetas.<\/li>\n<li>Probada con est\u00e1ndares Militares.<\/li>\n<li>Compatible con carga inal\u00e1mbrica y con MagSafe.<\/li>\n<li>Contorno elevado en la pantalla y en la c\u00e1mara.<\/li>\n<li>Placa met\u00e1lica embebida para poder utilizarse en soportes magn\u00e9ticos (soporte no incluido).<\/li>\n<li>Tel\u00e9fono NO incluido, solo ilustrativo.<\/li>\n<li>No incluye mica de pantalla.<\/li>\n<\/ul>\n","protected":false},"excerpt":{"rendered":"<p>Ghostek Exec est\u00e1 fabricada con doble capa para as\u00ed brindar una gran protecci\u00f3n a tu tel\u00e9fono. Especificaciones : Compatible solo para\u00a0iPhone 14 PRO MAX (No para 14 normal ni Plus<\/p>\n","protected":false},"featured_media":103335,"comment_status":"open","ping_status":"closed","template":"","meta":{"_acf_changed":false,"_joinchat":[]},"product_brand":[],"product_cat":[408,275,412],"product_tag":[],"class_list":{"0":"post-103334","1":"product","2":"type-product","3":"status-publish","4":"has-post-thumbnail","6":"product_cat-celulares-y-tablets","7":"product_cat-accesorios-para-celular","8":"product_cat-cases-y-fundas","10":"first","11":"instock","12":"sale","13":"shipping-taxable","14":"purchasable","15":"product-type-simple"},"acf":[],"_links":{"self":[{"href":"https:\/\/defabrica.com.mx\/defabrica\/wp-json\/wp\/v2\/product\/103334","targetHints":{"allow":["GET"]}}],"collection":[{"href":"https:\/\/defabrica.com.mx\/defabrica\/wp-json\/wp\/v2\/product"}],"about":[{"href":"https:\/\/defabrica.com.mx\/defabrica\/wp-json\/wp\/v2\/types\/product"}],"replies":[{"embeddable":true,"href":"https:\/\/defabrica.com.mx\/defabrica\/wp-json\/wp\/v2\/comments?post=103334"}],"wp:featuredmedia":[{"embeddable":true,"href":"https:\/\/defabrica.com.mx\/defabrica\/wp-json\/wp\/v2\/media\/103335"}],"wp:attachment":[{"href":"https:\/\/defabrica.com.mx\/defabrica\/wp-json\/wp\/v2\/media?parent=103334"}],"wp:term":[{"taxonomy":"product_brand","embeddable":true,"href":"https:\/\/defabrica.com.mx\/defabrica\/wp-json\/wp\/v2\/product_brand?post=103334"},{"taxonomy":"product_cat","embeddable":true,"href":"https:\/\/defabrica.com.mx\/defabrica\/wp-json\/wp\/v2\/product_cat?post=103334"},{"taxonomy":"product_tag","embeddable":true,"href":"https:\/\/defabrica.com.mx\/defabrica\/wp-json\/wp\/v2\/product_tag?post=103334"}],"curies":[{"name":"wp","href":"https:\/\/api.w.org\/{rel}","templated":true}]}}