{"id":102692,"date":"2022-12-17T13:37:07","date_gmt":"2022-12-17T19:37:07","guid":{"rendered":"https:\/\/defabrica.com.mx\/defabrica\/?post_type=product&#038;p=102692"},"modified":"2022-12-17T13:37:56","modified_gmt":"2022-12-17T19:37:56","slug":"manos-libres-verve-loop-500-anc-audifonos-bluetooth-stereo-universal-inalambrico","status":"publish","type":"product","link":"https:\/\/defabrica.com.mx\/defabrica\/producto\/manos-libres-verve-loop-500-anc-audifonos-bluetooth-stereo-universal-inalambrico\/","title":{"rendered":"Manos Libres Verve Loop 500 ANC Audifonos Bluetooth Stereo Universal inal\u00e1mbrico"},"content":{"rendered":"<div class=\"product-tabs tabs\">\n<div id=\"tab-content\" class=\"tab-content\">\n<div id=\"description\" class=\"tab-pane fade in active\" role=\"tabpanel\">\n<div class=\"product-description\">\n<ul>\n<li>Verveloop 500 ANC<br \/>\nAuriculares intrauditivos inal\u00e1mbricos motorola verveloop 500 anc<br \/>\nDise\u00f1ados para permanecer sin importar cu\u00e1n riguroso sea su entrenamiento, los nuevos auriculares Verve Loop 500 ANC le brindan un verdadero control inal\u00e1mbrico y de manos libres que le permite concentrarse en sentir la quemadura.<\/li>\n<li>Resistente al sudor<br \/>\nEl VerveLoop 500 ANC presenta resistencia al sudor y al agua IPX4, por lo que puede usarlo con confianza bajo la lluvia o en el gimnasio.<\/li>\n<li>Ajuste seguro<br \/>\nEl c\u00f3modo dise\u00f1o en el o\u00eddo del VerveLoop 500 ANC se complementa con unos lazos de o\u00eddo ligeros para un ajuste \u00f3ptimo, y la tecnolog\u00eda ANC (cancelaci\u00f3n activa de ruido) elimina todo ese ruido de fondo que distrae.<\/li>\n<li>Micr\u00f3fono integrado<br \/>\nCon un impresionante tiempo de reproducci\u00f3n de 6 horas y un micr\u00f3fono incorporado que permite llamadas cristalinas y manos libres, los auriculares Verve Loop son la opci\u00f3n inteligente para todo uso.<\/li>\n<li>Compatible con Siri, Google Now y Alexa<br \/>\nLos usuarios pueden descargar la aplicaci\u00f3n Hubble Connect para Verve Life para rastrear y monitorear su \u00faltima ubicaci\u00f3n conectada. La aplicaci\u00f3n actualizada ahora est\u00e1 integrada con Amazon Alexa, los usuarios pueden tomar el control de una amplia gama de habilidades, desde sus tel\u00e9fonos m\u00f3viles \/ tabletas.<\/li>\n<\/ul>\n<\/div>\n<\/div>\n<\/div>\n<\/div>\n","protected":false},"excerpt":{"rendered":"<p>Verveloop 500 ANC Auriculares intrauditivos inal\u00e1mbricos motorola verveloop 500 anc Dise\u00f1ados para permanecer sin importar cu\u00e1n riguroso sea su entrenamiento, los nuevos auriculares Verve Loop 500 ANC le brindan un<\/p>\n","protected":false},"featured_media":102693,"comment_status":"open","ping_status":"closed","template":"","meta":{"_acf_changed":false,"_joinchat":[]},"product_brand":[],"product_cat":[294,300,304],"product_tag":[],"class_list":{"0":"post-102692","1":"product","2":"type-product","3":"status-publish","4":"has-post-thumbnail","6":"product_cat-audio","7":"product_cat-audifonos","8":"product_cat-inalambricos","10":"first","11":"instock","12":"sale","13":"shipping-taxable","14":"purchasable","15":"product-type-simple"},"acf":[],"_links":{"self":[{"href":"https:\/\/defabrica.com.mx\/defabrica\/wp-json\/wp\/v2\/product\/102692","targetHints":{"allow":["GET"]}}],"collection":[{"href":"https:\/\/defabrica.com.mx\/defabrica\/wp-json\/wp\/v2\/product"}],"about":[{"href":"https:\/\/defabrica.com.mx\/defabrica\/wp-json\/wp\/v2\/types\/product"}],"replies":[{"embeddable":true,"href":"https:\/\/defabrica.com.mx\/defabrica\/wp-json\/wp\/v2\/comments?post=102692"}],"wp:featuredmedia":[{"embeddable":true,"href":"https:\/\/defabrica.com.mx\/defabrica\/wp-json\/wp\/v2\/media\/102693"}],"wp:attachment":[{"href":"https:\/\/defabrica.com.mx\/defabrica\/wp-json\/wp\/v2\/media?parent=102692"}],"wp:term":[{"taxonomy":"product_brand","embeddable":true,"href":"https:\/\/defabrica.com.mx\/defabrica\/wp-json\/wp\/v2\/product_brand?post=102692"},{"taxonomy":"product_cat","embeddable":true,"href":"https:\/\/defabrica.com.mx\/defabrica\/wp-json\/wp\/v2\/product_cat?post=102692"},{"taxonomy":"product_tag","embeddable":true,"href":"https:\/\/defabrica.com.mx\/defabrica\/wp-json\/wp\/v2\/product_tag?post=102692"}],"curies":[{"name":"wp","href":"https:\/\/api.w.org\/{rel}","templated":true}]}}