{"id":102560,"date":"2022-12-14T15:11:53","date_gmt":"2022-12-14T21:11:53","guid":{"rendered":"https:\/\/defabrica.com.mx\/defabrica\/?post_type=product&#038;p=102560"},"modified":"2022-12-14T15:11:53","modified_gmt":"2022-12-14T21:11:53","slug":"cargador-auto-plug-in-doble-usb-zizo-f5-quickcharge-3-0-sin-cable","status":"publish","type":"product","link":"https:\/\/defabrica.com.mx\/defabrica\/producto\/cargador-auto-plug-in-doble-usb-zizo-f5-quickcharge-3-0-sin-cable\/","title":{"rendered":"Cargador Auto Plug In doble USB ZIZO F5 Quickcharge 3.0 SIN CABLE"},"content":{"rendered":"<div id=\"product-description-short-5955\" class=\"description-short\">\n<ul>\n<li>2 x Salida USB-A con carga r\u00e1pida Quickcharge 3.0<\/li>\n<li>Tecnolog\u00eda ZizoBoost que administra la carga m\u00e1s r\u00e1pida posible..<\/li>\n<li>Protecci\u00f3n contra sobrecargas.<\/li>\n<li>Indicadores visuales LED<\/li>\n<li>Compatible con dispositivos iOS y Android.<\/li>\n<li>NO INCLUYE CABLE<\/li>\n<\/ul>\n<\/div>\n<div class=\"product-actions\"><\/div>\n","protected":false},"excerpt":{"rendered":"<p>2 x Salida USB-A con carga r\u00e1pida Quickcharge 3.0 Tecnolog\u00eda ZizoBoost que administra la carga m\u00e1s r\u00e1pida posible.. Protecci\u00f3n contra sobrecargas. Indicadores visuales LED Compatible con dispositivos iOS y Android.<\/p>\n","protected":false},"featured_media":102562,"comment_status":"open","ping_status":"closed","template":"","meta":{"_acf_changed":false,"_joinchat":[]},"product_brand":[],"product_cat":[408,275,413,416],"product_tag":[],"class_list":{"0":"post-102560","1":"product","2":"type-product","3":"status-publish","4":"has-post-thumbnail","6":"product_cat-celulares-y-tablets","7":"product_cat-accesorios-para-celular","8":"product_cat-cargadores","9":"product_cat-todos-los-accesorios-para-celulares","11":"first","12":"instock","13":"sale","14":"shipping-taxable","15":"purchasable","16":"product-type-simple"},"acf":[],"_links":{"self":[{"href":"https:\/\/defabrica.com.mx\/defabrica\/wp-json\/wp\/v2\/product\/102560","targetHints":{"allow":["GET"]}}],"collection":[{"href":"https:\/\/defabrica.com.mx\/defabrica\/wp-json\/wp\/v2\/product"}],"about":[{"href":"https:\/\/defabrica.com.mx\/defabrica\/wp-json\/wp\/v2\/types\/product"}],"replies":[{"embeddable":true,"href":"https:\/\/defabrica.com.mx\/defabrica\/wp-json\/wp\/v2\/comments?post=102560"}],"wp:featuredmedia":[{"embeddable":true,"href":"https:\/\/defabrica.com.mx\/defabrica\/wp-json\/wp\/v2\/media\/102562"}],"wp:attachment":[{"href":"https:\/\/defabrica.com.mx\/defabrica\/wp-json\/wp\/v2\/media?parent=102560"}],"wp:term":[{"taxonomy":"product_brand","embeddable":true,"href":"https:\/\/defabrica.com.mx\/defabrica\/wp-json\/wp\/v2\/product_brand?post=102560"},{"taxonomy":"product_cat","embeddable":true,"href":"https:\/\/defabrica.com.mx\/defabrica\/wp-json\/wp\/v2\/product_cat?post=102560"},{"taxonomy":"product_tag","embeddable":true,"href":"https:\/\/defabrica.com.mx\/defabrica\/wp-json\/wp\/v2\/product_tag?post=102560"}],"curies":[{"name":"wp","href":"https:\/\/api.w.org\/{rel}","templated":true}]}}