{"id":102417,"date":"2022-12-14T11:31:07","date_gmt":"2022-12-14T17:31:07","guid":{"rendered":"https:\/\/defabrica.com.mx\/defabrica\/?post_type=product&#038;p=102417"},"modified":"2022-12-14T11:31:07","modified_gmt":"2022-12-14T17:31:07","slug":"cable-datos-esr-usb-c-a-ligthning-pd-power-delivery-2-0m","status":"publish","type":"product","link":"https:\/\/defabrica.com.mx\/defabrica\/producto\/cable-datos-esr-usb-c-a-ligthning-pd-power-delivery-2-0m\/","title":{"rendered":"Cable Datos ESR USB-C a Ligthning PD Power Delivery &#8211; 2.0m"},"content":{"rendered":"<div id=\"product-description-short-6275\" class=\"description-short\">\n<ul>\n<li>Longitud 2.0m.<\/li>\n<li>USB-C a Lightning Certificado MFI por Apple.<\/li>\n<li>Cable reforzado en Nylon para una gran durabilidad.<\/li>\n<li><span class=\"a-list-item\">Carga con tecnolog\u00eda PD : Al utilizarlo junto con un cargador certificado PD le permitir\u00e1 cargar r\u00e1pidamente su iPhone, hasta un 50% en 30 minutos.<\/span><\/li>\n<li><span class=\"a-list-item\">Fabricado con trenzado de Nylon que lo hace mucho m\u00e1s resistente que los dem\u00e1s cables.<\/span><\/li>\n<li><span class=\"a-list-item\">Transmisi\u00f3n estable de datos al ser un cable cerfificado MFI. No arriesgues tu dispositivo al utilizar cables gen\u00e9ricos.<\/span><\/li>\n<li><span class=\"a-list-item\">Velocidad de datos de hasta 480Mbps<\/span><\/li>\n<\/ul>\n<\/div>\n<div class=\"product-actions\"><\/div>\n","protected":false},"excerpt":{"rendered":"<p>Longitud 2.0m. USB-C a Lightning Certificado MFI por Apple. Cable reforzado en Nylon para una gran durabilidad. Carga con tecnolog\u00eda PD : Al utilizarlo junto con un cargador certificado PD<\/p>\n","protected":false},"featured_media":102418,"comment_status":"open","ping_status":"closed","template":"","meta":{"_acf_changed":false,"_joinchat":[]},"product_brand":[],"product_cat":[408,275,413,416],"product_tag":[],"class_list":{"0":"post-102417","1":"product","2":"type-product","3":"status-publish","4":"has-post-thumbnail","6":"product_cat-celulares-y-tablets","7":"product_cat-accesorios-para-celular","8":"product_cat-cargadores","9":"product_cat-todos-los-accesorios-para-celulares","11":"first","12":"instock","13":"sale","14":"shipping-taxable","15":"purchasable","16":"product-type-simple"},"acf":[],"_links":{"self":[{"href":"https:\/\/defabrica.com.mx\/defabrica\/wp-json\/wp\/v2\/product\/102417","targetHints":{"allow":["GET"]}}],"collection":[{"href":"https:\/\/defabrica.com.mx\/defabrica\/wp-json\/wp\/v2\/product"}],"about":[{"href":"https:\/\/defabrica.com.mx\/defabrica\/wp-json\/wp\/v2\/types\/product"}],"replies":[{"embeddable":true,"href":"https:\/\/defabrica.com.mx\/defabrica\/wp-json\/wp\/v2\/comments?post=102417"}],"wp:featuredmedia":[{"embeddable":true,"href":"https:\/\/defabrica.com.mx\/defabrica\/wp-json\/wp\/v2\/media\/102418"}],"wp:attachment":[{"href":"https:\/\/defabrica.com.mx\/defabrica\/wp-json\/wp\/v2\/media?parent=102417"}],"wp:term":[{"taxonomy":"product_brand","embeddable":true,"href":"https:\/\/defabrica.com.mx\/defabrica\/wp-json\/wp\/v2\/product_brand?post=102417"},{"taxonomy":"product_cat","embeddable":true,"href":"https:\/\/defabrica.com.mx\/defabrica\/wp-json\/wp\/v2\/product_cat?post=102417"},{"taxonomy":"product_tag","embeddable":true,"href":"https:\/\/defabrica.com.mx\/defabrica\/wp-json\/wp\/v2\/product_tag?post=102417"}],"curies":[{"name":"wp","href":"https:\/\/api.w.org\/{rel}","templated":true}]}}