{"id":102173,"date":"2022-12-13T12:24:49","date_gmt":"2022-12-13T18:24:49","guid":{"rendered":"https:\/\/defabrica.com.mx\/defabrica\/?post_type=product&#038;p=102173"},"modified":"2022-12-13T12:24:49","modified_gmt":"2022-12-13T18:24:49","slug":"funda-esr-air-shield-boost-para-iphone-13-pro-negra-kickstand","status":"publish","type":"product","link":"https:\/\/defabrica.com.mx\/defabrica\/producto\/funda-esr-air-shield-boost-para-iphone-13-pro-negra-kickstand\/","title":{"rendered":"Funda ESR Air Shield Boost para iPhone 13 PRO Negra Kickstand"},"content":{"rendered":"<ul>\n<li>Compatible solo para\u00a0<strong>iPhone 13 PRO ( NO para 13 ni Max)<\/strong><\/li>\n<li>Fabricada en TPU suave.<\/li>\n<li>Soporte Kickstand met\u00e1lico con posici\u00f3n horizontal \u00f3 vertical.<\/li>\n<li>Ultra Delgada : 1.1mm de espesor<\/li>\n<li>Marco realzado en pantalla y c\u00e1mara para brindar m\u00e1s protecci\u00f3n.<\/li>\n<li>Esquinas \u00abAir Guard\u00bb que absorben impactos.<\/li>\n<li>Protege manteniendo el tel\u00e9fono ligero.<\/li>\n<li>Compatible con carga inal\u00e1mbrica.<\/li>\n<\/ul>\n","protected":false},"excerpt":{"rendered":"<p>Compatible solo para\u00a0iPhone 13 PRO ( NO para 13 ni Max) Fabricada en TPU suave. Soporte Kickstand met\u00e1lico con posici\u00f3n horizontal \u00f3 vertical. Ultra Delgada : 1.1mm de espesor Marco<\/p>\n","protected":false},"featured_media":102174,"comment_status":"open","ping_status":"closed","template":"","meta":{"_acf_changed":false,"_joinchat":[]},"product_brand":[],"product_cat":[408,275,412],"product_tag":[],"class_list":{"0":"post-102173","1":"product","2":"type-product","3":"status-publish","4":"has-post-thumbnail","6":"product_cat-celulares-y-tablets","7":"product_cat-accesorios-para-celular","8":"product_cat-cases-y-fundas","10":"first","11":"instock","12":"sale","13":"shipping-taxable","14":"purchasable","15":"product-type-simple"},"acf":[],"_links":{"self":[{"href":"https:\/\/defabrica.com.mx\/defabrica\/wp-json\/wp\/v2\/product\/102173","targetHints":{"allow":["GET"]}}],"collection":[{"href":"https:\/\/defabrica.com.mx\/defabrica\/wp-json\/wp\/v2\/product"}],"about":[{"href":"https:\/\/defabrica.com.mx\/defabrica\/wp-json\/wp\/v2\/types\/product"}],"replies":[{"embeddable":true,"href":"https:\/\/defabrica.com.mx\/defabrica\/wp-json\/wp\/v2\/comments?post=102173"}],"wp:featuredmedia":[{"embeddable":true,"href":"https:\/\/defabrica.com.mx\/defabrica\/wp-json\/wp\/v2\/media\/102174"}],"wp:attachment":[{"href":"https:\/\/defabrica.com.mx\/defabrica\/wp-json\/wp\/v2\/media?parent=102173"}],"wp:term":[{"taxonomy":"product_brand","embeddable":true,"href":"https:\/\/defabrica.com.mx\/defabrica\/wp-json\/wp\/v2\/product_brand?post=102173"},{"taxonomy":"product_cat","embeddable":true,"href":"https:\/\/defabrica.com.mx\/defabrica\/wp-json\/wp\/v2\/product_cat?post=102173"},{"taxonomy":"product_tag","embeddable":true,"href":"https:\/\/defabrica.com.mx\/defabrica\/wp-json\/wp\/v2\/product_tag?post=102173"}],"curies":[{"name":"wp","href":"https:\/\/api.w.org\/{rel}","templated":true}]}}