{"id":101495,"date":"2022-11-23T14:06:05","date_gmt":"2022-11-23T20:06:05","guid":{"rendered":"https:\/\/defabrica.com.mx\/defabrica\/?post_type=product&#038;p=101495"},"modified":"2023-02-24T14:09:25","modified_gmt":"2023-02-24T20:09:25","slug":"horno-tostador-con-freidora-de-aire-digital-gourmia","status":"publish","type":"product","link":"https:\/\/defabrica.com.mx\/defabrica\/producto\/horno-tostador-con-freidora-de-aire-digital-gourmia\/","title":{"rendered":"Gourmia Horno tostador con freidora de aire digital"},"content":{"rendered":"<div class=\"mb3\">\n<div class=\"dangerous-html mb3\">Disfrute de comidas saludables y deliciosas con el horno tostador con freidora de aire digital Gourmia con puertas francesas de un solo tir\u00f3n, acero inoxidable.\u00a0Est\u00e1 alimentado por la tecnolog\u00eda Fry Force 360\u00b0 que cocina los alimentos de forma r\u00e1pida y uniforme con poco o nada de aceite.\u00a0Los 19 ajustes preestablecidos de cocci\u00f3n con un solo toque le permiten fre\u00edr, hornear, deshidratar y m\u00e1s, con solo un toque.\u00a0Los controles t\u00e1ctiles f\u00e1ciles de configurar del horno facilitan el ajuste de la configuraci\u00f3n de tiempo, temperatura y tostado seg\u00fan sus preferencias.\u00a0Prepare una pizza completa de 12\u201d o 6 rebanadas de pan a la vez para servir a su familia y amigos.\u00a0Aproveche la gran ventana de visualizaci\u00f3n para monitorear la cocci\u00f3n de un vistazo y disfrute de la comodidad de las puertas francesas de un solo tir\u00f3n que siempre lo dejan con una mano libre.\u00a0Incluye una canasta para fre\u00edr, una rejilla para horno, una bandeja para hornear y una bandeja para migas para una experiencia de limpieza perfecta.<\/div>\n<\/div>\n<div class=\"mb3\"><\/div>\n","protected":false},"excerpt":{"rendered":"<p>Disfrute de comidas saludables y deliciosas con el horno tostador con freidora de aire digital Gourmia con puertas francesas de un solo tir\u00f3n, acero inoxidable.\u00a0Est\u00e1 alimentado por la tecnolog\u00eda Fry<\/p>\n","protected":false},"featured_media":101499,"comment_status":"open","ping_status":"closed","template":"","meta":{"_acf_changed":false,"_joinchat":[]},"product_brand":[],"product_cat":[336,337,338,1015,950],"product_tag":[],"class_list":{"0":"post-101495","1":"product","2":"type-product","3":"status-publish","4":"has-post-thumbnail","6":"product_cat-hogar","7":"product_cat-cocina","8":"product_cat-electrodomesticos","9":"product_cat-tostadoras","10":"product_cat-freidoras","12":"first","13":"outofstock","14":"sale","15":"shipping-taxable","16":"purchasable","17":"product-type-simple"},"acf":[],"_links":{"self":[{"href":"https:\/\/defabrica.com.mx\/defabrica\/wp-json\/wp\/v2\/product\/101495","targetHints":{"allow":["GET"]}}],"collection":[{"href":"https:\/\/defabrica.com.mx\/defabrica\/wp-json\/wp\/v2\/product"}],"about":[{"href":"https:\/\/defabrica.com.mx\/defabrica\/wp-json\/wp\/v2\/types\/product"}],"replies":[{"embeddable":true,"href":"https:\/\/defabrica.com.mx\/defabrica\/wp-json\/wp\/v2\/comments?post=101495"}],"wp:featuredmedia":[{"embeddable":true,"href":"https:\/\/defabrica.com.mx\/defabrica\/wp-json\/wp\/v2\/media\/101499"}],"wp:attachment":[{"href":"https:\/\/defabrica.com.mx\/defabrica\/wp-json\/wp\/v2\/media?parent=101495"}],"wp:term":[{"taxonomy":"product_brand","embeddable":true,"href":"https:\/\/defabrica.com.mx\/defabrica\/wp-json\/wp\/v2\/product_brand?post=101495"},{"taxonomy":"product_cat","embeddable":true,"href":"https:\/\/defabrica.com.mx\/defabrica\/wp-json\/wp\/v2\/product_cat?post=101495"},{"taxonomy":"product_tag","embeddable":true,"href":"https:\/\/defabrica.com.mx\/defabrica\/wp-json\/wp\/v2\/product_tag?post=101495"}],"curies":[{"name":"wp","href":"https:\/\/api.w.org\/{rel}","templated":true}]}}