{"id":101111,"date":"2022-11-12T13:27:30","date_gmt":"2022-11-12T19:27:30","guid":{"rendered":"https:\/\/defabrica.com.mx\/defabrica\/?post_type=product&#038;p=101111"},"modified":"2022-12-10T19:13:17","modified_gmt":"2022-12-11T01:13:17","slug":"rollplay-nighthawk-electrico-12-volts-recargable-hasta-10-5-km-h-de-velocidad-maxima-para-peques-de-6-anos-en-adelante-diversion-segura-y-controlable","status":"publish","type":"product","link":"https:\/\/defabrica.com.mx\/defabrica\/producto\/rollplay-nighthawk-electrico-12-volts-recargable-hasta-10-5-km-h-de-velocidad-maxima-para-peques-de-6-anos-en-adelante-diversion-segura-y-controlable\/","title":{"rendered":"Rollplay Nighthawk Electrico 12 Volts Recargable &#8211; hasta 10.5 km\/h de velocidad maxima para peques de 6 a\u00f1os en adelante &#8211; Diversion segura y controlable."},"content":{"rendered":"<div id=\"featurebullets_feature_div\" class=\"celwidget\" data-feature-name=\"featurebullets\" data-csa-c-type=\"widget\" data-csa-c-content-id=\"featurebullets\" data-csa-c-slot-id=\"featurebullets_feature_div\" data-csa-c-asin=\"B07CJ2GD9T\" data-csa-c-is-in-initial-active-row=\"false\" data-csa-c-id=\"o8hfqu-n133qb-bw0gpm-y1b345\" data-cel-widget=\"featurebullets_feature_div\">\n<div id=\"feature-bullets\" class=\"a-section a-spacing-medium a-spacing-top-small\">\n<ul class=\"a-unordered-list a-vertical a-spacing-mini\">\n<li><strong><span class=\"a-list-item\">Rendimiento de potencia de calidad: Bater\u00eda de alto rendimiento de 12 V y pedales de arranque y parada f\u00e1ciles de usar que permiten a los conductores girar y deslizarse alrededor de obst\u00e1culos a velocidades variables de hasta 6 mph.<\/span><\/strong><\/li>\n<li><strong><span class=\"a-list-item\">T\u00e9cnica de direcci\u00f3n \u00fanica: de conducci\u00f3n baja, dise\u00f1o elegante con ruedas de apoyo que permiten a los conductores inclinarse a la izquierda y a la derecha y maniobrar f\u00e1cilmente alrededor de obst\u00e1culos.<\/span><\/strong><\/li>\n<li><strong><span class=\"a-list-item\">Seguro y controlable: cumple con las normas de seguridad infantil y ofrece protecci\u00f3n adicional con manubrio de direcci\u00f3n f\u00e1cil y una bandera de seguridad roja para que el conductor sea f\u00e1cil de detectar mientras conduce.<\/span><\/strong><\/li>\n<li><strong><span class=\"a-list-item\">Requiere poco ensamble: Solo retira la bater\u00eda del asiento y con\u00e9ctala al cargador incluido para alimentar el veh\u00edculo, la bater\u00eda tiene una duraci\u00f3n prolongada de hasta 2 horas.<\/span><\/strong><\/li>\n<li><strong><span class=\"a-list-item\">Port\u00e1til y ligero: tama\u00f1o compacto y f\u00e1cil de guardar con dimensiones de 31.1 (largo) x 25.2 (ancho) x 8.4 (alto) y peso de 20 libras. Capacidad de peso de 110 libras; recomendada para edades de 6 a\u00f1os en adelante.<\/span><\/strong><\/li>\n<\/ul>\n<\/div>\n<\/div>\n<div id=\"provenanceCertifications_feature_div\" class=\"celwidget\" data-feature-name=\"provenanceCertifications\" data-csa-c-type=\"widget\" data-csa-c-content-id=\"provenanceCertifications\" data-csa-c-slot-id=\"provenanceCertifications_feature_div\" data-csa-c-asin=\"B07CJ2GD9T\" data-csa-c-is-in-initial-active-row=\"false\" data-csa-c-id=\"kzpgaw-xum0dr-2d8vpm-mi35q6\" data-cel-widget=\"provenanceCertifications_feature_div\"><\/div>\n<div id=\"serviceCapabilities_feature_div\" class=\"celwidget\" data-feature-name=\"serviceCapabilities\" data-csa-c-type=\"widget\" data-csa-c-content-id=\"serviceCapabilities\" data-csa-c-slot-id=\"serviceCapabilities_feature_div\" data-csa-c-asin=\"B07CJ2GD9T\" data-csa-c-is-in-initial-active-row=\"false\" data-csa-c-id=\"rvpv23-seyzzb-2bflkb-p60kgo\" data-cel-widget=\"serviceCapabilities_feature_div\"><\/div>\n","protected":false},"excerpt":{"rendered":"<p>Rendimiento de potencia de calidad: Bater\u00eda de alto rendimiento de 12 V y pedales de arranque y parada f\u00e1ciles de usar que permiten a los conductores girar y deslizarse alrededor<\/p>\n","protected":false},"featured_media":101119,"comment_status":"open","ping_status":"closed","template":"","meta":{"_acf_changed":false,"_joinchat":[]},"product_brand":[],"product_cat":[886,1097,1197],"product_tag":[],"class_list":{"0":"post-101111","1":"product","2":"type-product","3":"status-publish","4":"has-post-thumbnail","6":"product_cat-juguetesycoleccionables","7":"product_cat-juguetes","8":"product_cat-patines-y-scooters","10":"first","11":"instock","12":"sale","13":"shipping-taxable","14":"purchasable","15":"product-type-simple"},"acf":[],"_links":{"self":[{"href":"https:\/\/defabrica.com.mx\/defabrica\/wp-json\/wp\/v2\/product\/101111","targetHints":{"allow":["GET"]}}],"collection":[{"href":"https:\/\/defabrica.com.mx\/defabrica\/wp-json\/wp\/v2\/product"}],"about":[{"href":"https:\/\/defabrica.com.mx\/defabrica\/wp-json\/wp\/v2\/types\/product"}],"replies":[{"embeddable":true,"href":"https:\/\/defabrica.com.mx\/defabrica\/wp-json\/wp\/v2\/comments?post=101111"}],"wp:featuredmedia":[{"embeddable":true,"href":"https:\/\/defabrica.com.mx\/defabrica\/wp-json\/wp\/v2\/media\/101119"}],"wp:attachment":[{"href":"https:\/\/defabrica.com.mx\/defabrica\/wp-json\/wp\/v2\/media?parent=101111"}],"wp:term":[{"taxonomy":"product_brand","embeddable":true,"href":"https:\/\/defabrica.com.mx\/defabrica\/wp-json\/wp\/v2\/product_brand?post=101111"},{"taxonomy":"product_cat","embeddable":true,"href":"https:\/\/defabrica.com.mx\/defabrica\/wp-json\/wp\/v2\/product_cat?post=101111"},{"taxonomy":"product_tag","embeddable":true,"href":"https:\/\/defabrica.com.mx\/defabrica\/wp-json\/wp\/v2\/product_tag?post=101111"}],"curies":[{"name":"wp","href":"https:\/\/api.w.org\/{rel}","templated":true}]}}