{"id":2183,"date":"2016-02-28T08:28:22","date_gmt":"2016-02-28T08:28:22","guid":{"rendered":"https:\/\/demo2.chethemes.com\/electro\/?page_id=2183"},"modified":"2022-05-17T17:05:32","modified_gmt":"2022-05-17T22:05:32","slug":"terminos-y-condiciones","status":"publish","type":"page","link":"https:\/\/defabrica.com.mx\/defabrica\/terminos-y-condiciones\/","title":{"rendered":"T\u00e9rminos y Condiciones"},"content":{"rendered":"<div class=\"wpb-content-wrapper\"><p>[vc_row][vc_column][vc_column_text]<strong>T\u00c9RMINOS Y CONDICIONES<\/strong><\/p>\n<p><strong>Al utilizar el sitio Web de deFabrica:<\/strong><\/p>\n<p>Usted se obliga a respetar las Condiciones de uso, notificaciones, pol\u00edticas de uso y todas las cl\u00e1usulas de exenci\u00f3n de responsabilidad y t\u00e9rminos y condiciones que figuran en el sitio Web de deFabrica. Las pol\u00edticas de la sucursal deFabrica pueden diferir en alguna medida de las pol\u00edticas de uso aplicables al sitio Web de deFabrica. En el presente documento, la marca deFabrica hace referencia a deFabrica.<\/p>\n<p>deFabrica se reserva el derecho de realizar cambios en el sitio Web, en las Condiciones de uso y en las Notificaciones legales en cualquier momento. Cada vez que utiliza el sitio Web de deFabrica, debe consultar las Condiciones de uso, Notificaciones legales y Pol\u00edtica de privacidad vigentes en ese momento, que se aplican a las transacciones y al uso del sitio. Si no est\u00e1 satisfecho con el contenido del sitio Web de deFabrica, las Condiciones de uso o las Notificaciones legales, usted acepta que la \u00fanica soluci\u00f3n disponible es dejar de utilizar el sitio Web de deFabrica.<\/p>\n<p>Se proh\u00edbe utilizar el sitio indebidamente, falsear la identidad de un usuario, utilizar agentes de compra y llevar a cabo actividades fraudulentas en el sitio.<\/p>\n<p><strong>Cl\u00e1usulas de extensi\u00f3n de responsabilidad y limitaci\u00f3n de responsabilidad<\/strong><\/p>\n<p>Al utilizar el sitio Web de deFabrica, usted acepta en forma expresa que el uso del sitio Web de deFabrica se realiza bajo su exclusivo riesgo. El sitio Web de deFabrica se proporciona \u00abtal cual est\u00e1\u00bb y \u00abcomo est\u00e1 disponible\u00bb. Ni deFabrica ni sus respectivos funcionarios, directores, empleados, agentes, proveedores de contenidos de terceros, dise\u00f1adores, contratistas, distribuidores, vendedores, patrocinadores, concedentes y dem\u00e1s (conjuntamente, \u00abAsociados\u00bb) garantizan que el uso del sitio web de deFabrica no sufrir\u00e1 interrupciones ni contendr\u00e1 errores. Ni deFabrica ni sus Asociados garantizan la precisi\u00f3n ni la integridad del contenido ofrecido en el sitio Web de deFabrica ni de los productos o servicios a la venta en el sitio. Adem\u00e1s, deFabrica no declara que el contenido provisto en el sitio Web de deFabrica sea aplicable a, ni de uso apropiado en, lugares fuera de M\u00e9xico. deFabrica y sus Asociados niegan espec\u00edficamente toda garant\u00eda, ya sea impl\u00edcita o expl\u00edcita, incluidas de forma no exclusiva, las garant\u00edas de t\u00edtulo, comerciabilidad o aptitud para un prop\u00f3sito determinado. Ning\u00fan tipo de asesoramiento verbal ni informaci\u00f3n por escrito por parte de deFabrica o sus Asociados constituir\u00e1 una garant\u00eda.<\/p>\n<p>Bajo ninguna circunstancia deFabrica ni sus Asociados ser\u00e1n responsables de ning\u00fan da\u00f1o directo, indirecto, imprevisto, especial ni emergente que se genere, ya sea por el uso o su falta de capacidad para usar el sitio Web de deFabrica, incluidos de forma no exclusiva, los da\u00f1os que surjan a ra\u00edz de su confianza en la informaci\u00f3n obtenida en el sitio Web de deFabrica que ocasione errores, omisiones, interrupciones, eliminaci\u00f3n o corrupci\u00f3n de archivos, virus, demoras en la operaci\u00f3n o transmisi\u00f3n, o cualquier otro tipo de error en el funcionamiento. La Limitaci\u00f3n de responsabilidad precedente se aplicar\u00e1 en toda acci\u00f3n legal, ya sea por contrato, agravio o cualquier otro reclamo, aun cuando un representante autorizado de deFabrica haya sido informado o debiera tener conocimiento de la posibilidad de dichos da\u00f1os. Por la presente, el usuario reconoce que este p\u00e1rrafo se aplicar\u00e1 a todo contenido, mercanc\u00edas y servicios disponibles por medio del sitio Web de deFabrica.<\/p>\n<p><strong>Colores \/ visualizaci\u00f3n de productos<\/strong><\/p>\n<p>El sitio Web de deFabrica apunta a exhibir im\u00e1genes de productos con la mayor precisi\u00f3n posible. No obstante, no podemos garantizar que el color que usted ve coincida con el color del producto, ya que la visualizaci\u00f3n del color depende, en parte, del monitor que utilice.<\/p>\n<p><strong>Rese\u00f1as<\/strong><\/p>\n<p>Nos reservamos el derecho a no publicar una rese\u00f1a si contiene alguno de los siguientes puntos:<\/p>\n<ul>\n<li>Obscenidades, lenguaje discriminatorio, o alg\u00fan otro lenguaje no apto para p\u00fablico en general.<\/li>\n<li>Anuncios, spam, o referencias a otros productos, ofertas o sitios web.<\/li>\n<li>Posteo de contenido a cambio de servicios o por alg\u00fan tipo de intercambio que incluya productos gratis, ofertas en productos o que viole la \u00e9tica de deFabrica.<\/li>\n<li>Correos electr\u00f3nicos, URL\u2019s, n\u00fameros de tel\u00e9fono, direcciones f\u00edsicas o alguna otra informaci\u00f3n de contacto.<\/li>\n<li>Comentarios mal intencionados o con af\u00e1n de ofender.<\/li>\n<\/ul>\n<p><strong>Condiciones de Compra<\/strong><\/p>\n<p>Los precios se encuentran en pesos mexicanos e incluyen I.V.A.<\/p>\n<p>Las im\u00e1genes, caracter\u00edsticas, especificaciones y precios son ilustrativos y pueden variar o cambiar sin previo aviso.<\/p>\n<p>Todos los productos que se ofrecen se encuentran sujetos a disponibilidad y hasta agotar existencias.<\/p>\n<ul>\n<li>Las compras deber\u00e1n realizarse solo de las siguientes formas:<br \/>\n1.- Generando un pedido en nuestra p\u00e1gina web www.deFabrica.com.mx.<br \/>\n2.- Por medio de una cotizaci\u00f3n formal solicitada v\u00eda correo electr\u00f3nico.<\/li>\n<\/ul>\n<p>deFabrica se reserva el derecho de cancelar aquellos pedidos realizados por el Usuario, en los siguientes supuestos:<br \/>\na) Cuando el usuario viole o no acepte los t\u00e9rminos y condiciones de deFabrica.com.mx<br \/>\nb) Cuando el usuario no haya cubierto el monto exacto de la compra.<br \/>\nc) Si por alg\u00fan error involuntario del sistema de la p\u00e1gina web, se calcule mal el costo total del pedido, el vendedor asignado le har\u00e1 saber al comprador y en caso de que este se niegue a pagar la cantidad faltante.<br \/>\nd) Cuando el pago del usuario sea identificado como fraude o posible contra cargo.<br \/>\ne) Cuando el producto pagado se encuentre agotado en el stock interno y no sea posible conseguirlo.<br \/>\nf) Cuando por errores involuntarios en el sistema se lancen promociones o costos no autorizados, en perjuicio de deFabrica.com.mx.<br \/>\ng) Cuando el usuario agreda f\u00edsica o verbalmente a uno de los trabajadores.<\/p>\n<p><strong>Inventarios y precios<\/strong><\/p>\n<p><strong>Cambios en los inventarios y precios<\/strong><\/p>\n<p>La disponibilidad de los productos, precios, marcas y modelos pueden variar de acuerdo con la oferta del momento dispuesta por deFabrica.<\/p>\n<p><strong>Opciones de pago<\/strong><\/p>\n<p><strong>M\u00e9todos de pago<\/strong><\/p>\n<p>Aceptamos las siguientes formas de pago en \u00f3rdenes de\u00a0<a href=\"http:\/\/www.defabrica.com.mx\/\">www.deFabrica.com.mx<\/a>:<\/p>\n<ul>\n<li>Dep\u00f3sitos y Transferencia Bancaria<br \/>\nBanamex, Santander, BBVA, Banorte y BanRegio.<\/li>\n<li>Pago SPEI en Agencias deFabrica<br \/>\nComprar online nunca fue tan f\u00e1cil y seguro con nuestro pago al recoger tu compra en cualquiera de nuestras agencias.<\/li>\n<li>A trav\u00e9s de SPEI y Efectivo en 7-Eleven, Circle K, OXXO, Soriana y Otros.<br \/>\nPara compras realizadas a trav\u00e9s de estos m\u00e9todos de pago deber\u00e1s considerar lo siguiente:<br \/>\n\u2013 El monto total a pagar por el art\u00edculo debe ser exacto y en moneda nacional, incluyendo pesos y centavos.<br \/>\n\u2013 Contar\u00e1s con 72 (setenta y dos) horas para realizar el pago, deFabrica no est\u00e1 obligado a conservar, resguardar y\/o apartar el art\u00edculo.<br \/>\n\u2013 Transcurridas las 72 (setenta y dos) horas antes mencionadas sin que se haya realizado el pago, la orden se cancelara autom\u00e1ticamente.<\/li>\n<\/ul>\n<p>Una vez que deFabrica verifique que el pago ha sido realizado con \u00e9xito, su orden ser\u00e1 procesada.<\/p>\n<p><strong>Env\u00edos<\/strong><\/p>\n<p><strong><em>La fecha estimada de entrega la podr\u00e1s ver en la p\u00e1gina de cada producto o durante el proceso de compra<\/em><\/strong>, el costo de env\u00edo depende de diferentes factores como:<\/p>\n<ol>\n<li>Caracter\u00edsticas del producto. (peso, dimensiones)<\/li>\n<li>Distancia entre el lugar de env\u00edo y el lugar de entrega.<\/li>\n<li>Paqueter\u00eda que hace el env\u00edo.<\/li>\n<\/ol>\n<p>El lugar de Entrega del producto ser\u00e1 el lugar f\u00edsico que se\u00f1alaste como tu domicilio de entrega. En el caso que el pedido no te llegue en el plazo fijado, podr\u00e1s contactar al correo\u00a0<a href=\"mailto:ventas@defabrica.com.mx\">ventas@deFabrica.com.mx<\/a><\/p>\n<p>Los art\u00edculos son empaquetados para su cuidado y protecci\u00f3n, por lo que no hay envolturas especiales.<\/p>\n<p><strong>Costos y tiempos de env\u00edo<\/strong><\/p>\n<p><strong>M\u00e9todos de env\u00edo<\/strong><\/p>\n<p>deFabrica garantiza que todos sus env\u00edos llegar\u00e1n a la direcci\u00f3n que el Usuario determine en el proceso de compra y se encontrar\u00e1 sujeto a las condiciones que se se\u00f1alan en la propia Gu\u00eda de env\u00edo.<\/p>\n<p>El proceso de env\u00edo se inicia considerando la hora del d\u00eda en que se realiza la confirmaci\u00f3n de la compra, dependiendo de esto tu orden puede ser procesada el mismo d\u00eda o hasta el siguiente d\u00eda h\u00e1bil.<\/p>\n<p>Los d\u00edas h\u00e1biles son de lunes a viernes de 8:00 a.m. a 6:00 p.m., conforme la ley.<\/p>\n<p>deFabrica trabaja con Fedex, Redpack, DHL, Estafeta, Sendex, UPS, Carssa para enviar tus \u00f3rdenes, se te enviara un correo de confirmaci\u00f3n para conocer qu\u00e9 EL PRODUCTO YA ESTA EN TRANSITO A SU DESTINO.<\/p>\n<p>Tu informaci\u00f3n est\u00e1 segura. deFabrica compartir\u00e1 tu nombre y direcci\u00f3n con la compa\u00f1\u00eda de envios asignada para el env\u00edo de tus productos, pero tu informaci\u00f3n de pago est\u00e1 segura y nunca se queda con deFabrica.<\/p>\n<p>Env\u00edos a Toda la Rep\u00fablica Mexicana, exclusivamente.<\/p>\n<p>Gastos de env\u00edo:<\/p>\n<p>1) Pedidos menores o igual a $ 699,00 Mx = $99.00 Mx<\/p>\n<p>2) A partir de $ 700.00 Mx = Env\u00edo gratis.<\/p>\n<p><strong>Seguimiento de una orden<\/strong><\/p>\n<p>La informaci\u00f3n de seguimiento de una orden se enviar\u00e1 por correo electr\u00f3nico, una vez que la compra haya sido exitosa y\/o al confirmar tu deposito si la compra es por medio de la opci\u00f3n de pago: Dep\u00f3sito \/ Transferencia. (Al utilizar la opci\u00f3n de pago: Dep\u00f3sito \/ Transferencia, las instrucciones para confirmar tu deposito se enviar\u00e1n tambi\u00e9n por correo electr\u00f3nico).<\/p>\n<p>Si requieres consultar la informaci\u00f3n de seguimiento de una orden por medio de nuestro sitio en deFabrica.com.mx tienes las siguientes opciones:<\/p>\n<p><strong>Cliente con cuenta en deFabrica.com.mx.<\/strong><\/p>\n<p><strong>Secci\u00f3n Mi cuenta:<\/strong><\/p>\n<ol>\n<li>Entra a la secci\u00f3n Mi Cuenta.<br \/>\nPuedes hacerlo al dar clic en \u201cIniciar Sesi\u00f3n\u201d que est\u00e1 en el men\u00fa principal o da clic\u00a0<a href=\"https:\/\/defabrica.com.mx\/defabrica\/mi-cuenta\/\">aqu\u00ed<\/a>.\u00a0En m\u00f3vil da clic en el icono de usuario que aparece en el lado superior derecho de la\u00a0p\u00e1gina principal\u00a0o entra al men\u00fa principal y da clic en \u201cMi Cuenta\u201d o si lo deseas da clic\u00a0<a href=\"https:\/\/defabrica.com.mx\/defabrica\/mi-cuenta\/\">aqu\u00ed<\/a>.<br \/>\n2. Entra a \u201cMis \u00f3rdenes\u201d en el men\u00fa de usuario.<br \/>\nAl entrar ver\u00e1s el listado de tus pedidos.<br \/>\n3. Identifica el n\u00famero de pedido que quieres consultar.<br \/>\n4. Da clic en el bot\u00f3n \u201cVer\u201d para conocer los detalles del pedido.<br \/>\nA continuaci\u00f3n podr\u00e1s ver la informaci\u00f3n de seguimiento de tu pedido: Proveedor, el n\u00famero de rastreo(gu\u00eda) y el enlace para Rastrear.<\/li>\n<\/ol>\n<p><strong>Secci\u00f3n Rastrea tu orden:<\/strong><\/p>\n<ol>\n<li>Entra a la secci\u00f3n Rastrea tu orden.<br \/>\nPuedes hacerlo al dar clic en el men\u00fa \u201cRastrea tu orden\u201d que est\u00e1 en el lado superior derecho de la\u00a0p\u00e1gina\u00a0principal, o da clic\u00a0<a href=\"https:\/\/defabrica.com.mx\/defabrica\/track-your-order\/\">aqu\u00ed<\/a>.\u00a0En m\u00f3vil da clic en \u201cRastrea tu orden\u201d que est\u00e1 en el men\u00fa principal o da clic\u00a0<a href=\"https:\/\/defabrica.com.mx\/defabrica\/track-your-order\/\">aqu\u00ed<\/a>.<br \/>\n2. Identifica los datos de tu compra.<br \/>\n3. Llena los campos \u201c# pedido\u201d y \u201cCorreo electr\u00f3nico registrado\u201d y da clic en Seguir.<br \/>\nA continuaci\u00f3n podr\u00e1s ver la informaci\u00f3n de seguimiento de tu pedido: Proveedor, el n\u00famero de rastreo(gu\u00eda) y el enlace para Rastrear.<\/li>\n<\/ol>\n<p><strong>Cliente sin cuenta en deFabrica.com.mx.<\/strong><\/p>\n<p><strong>Secci\u00f3n Rastrea tu orden:<\/strong><\/p>\n<ol>\n<li>Entra a la secci\u00f3n Rastrea tu orden.<br \/>\nPuedes hacerlo al dar clic en el men\u00fa \u201cRastrea tu orden\u201d que est\u00e1 en el lado superior derecho de la\u00a0p\u00e1gina\u00a0principal, o da clic\u00a0<a href=\"https:\/\/defabrica.com.mx\/defabrica\/track-your-order\/\">aqu\u00ed<\/a>.\u00a0En m\u00f3vil da clic en \u201cRastrea tu orden\u201d que est\u00e1 en el men\u00fa principal o da clic\u00a0<a href=\"https:\/\/defabrica.com.mx\/defabrica\/track-your-order\/\">aqu\u00ed<\/a>.<br \/>\n2. Identifica los datos de tu compra.<br \/>\n3. Llena los campos \u201c# pedido\u201d y\u00a0 \u201cCorreo electr\u00f3nico registrado\u201d y da clic en Seguir.<br \/>\nA continuaci\u00f3n podr\u00e1s ver la informaci\u00f3n de seguimiento de tu pedido: Proveedor, el n\u00famero de rastreo(gu\u00eda) y el enlace para Rastrear.<\/li>\n<\/ol>\n<p><strong>Pol\u00edtica de Cancelaciones y Devoluciones.<\/strong><\/p>\n<p><strong>Cancelar una orden en l\u00ednea<\/strong><\/p>\n<p>Para cancelar tu orden es necesario te comuniques por cualquiera de nuestras formas de contacto\u00a0y siguas las instrucciones:<\/p>\n<ul>\n<li>Una vez que su pedido este en tr\u00e1nsito NO ser\u00e1 posible cancelar.<\/li>\n<li>Debes notificarnos la cancelaci\u00f3n de tu orden antes de recibir tu gu\u00eda de envi\u00f3, en el siguiente correo electr\u00f3nico:\u00a0<strong>cambiosydevoluciones@deFabrica.com.mx<\/strong><\/li>\n<li>Nuestro equipo de Atenci\u00f3n a Clientes verificar\u00e1 que tu orden no haya sido enviada a tu domicilio.<\/li>\n<li>Una vez validado que no se haya realizado el env\u00edo, nuestro equipo de Atenci\u00f3n a Clientes te notificar\u00e1 que la cancelaci\u00f3n fue aceptada y te reembolsar\u00e1 la cantidad pagada utilizando el mismo m\u00e9todo que utilizaste para pagar.<\/li>\n<li>En caso de que la orden ya haya sido enviada no habr\u00e1 posibilidad de cancelarla en estos casos deber\u00e1 proceder con nuestra pol\u00edtica de cambios y devoluciones.<\/li>\n<\/ul>\n<p><strong>Formas de devoluci\u00f3n<\/strong><\/p>\n<p>Es posible, siempre y cuando el producto a devolver no haya sido parte de un paquete, combo, ya que de ser as\u00ed la devoluci\u00f3n deber\u00e1 ser por el paquete completo. Del mismo modo, aplican los periodos de aclaraci\u00f3n para cambios y devoluciones, as\u00ed como las restricciones en los productos no aplicables.<\/p>\n<p>Consulta Pol\u00edticas de Devoluci\u00f3n\u00a0<a href=\"https:\/\/defabrica.com.mx\/defabrica\/politicas\/#1573422336129-7cfa7590-1e0c\">aqu\u00ed<\/a>.<\/p>\n<p><strong>Cont\u00e1ctanos<\/strong><\/p>\n<p>Para preguntas, dudas o comentarios sobre el estado de tu orden o la disponibilidad de un art\u00edculo env\u00edanos un correo a\u00a0<a href=\"mailto:ventas@defabrica.com.mx\">ventas@deFabrica.com.mx<\/a>\u00a0o cont\u00e1ctenos mediante este\u00a0<a href=\"https:\/\/defabrica.com.mx\/defabrica\/contact-v1\/\">formulario de contacto<\/a><\/p>\n<p><strong>Otras plataformas<\/strong><\/p>\n<p>Los precios y\/o promociones publicadas en cualquier otro canal donde deFabrica tenga presencia son exclusivos y no podr\u00e1n hacerse validos en ning\u00fan otro medio.<\/p>\n<p><strong>Empaque<\/strong><\/p>\n<p>Toda la mercanc\u00eda ser\u00e1 empacada sin cargo para el cliente.<\/p>\n<p><strong>POL\u00cdTICAS DE GARANT\u00cdA<\/strong><\/p>\n<p>Todos los equipos, partes y piezas comercializados por deFabrica.com.mx, gozan de una\u00a0<strong>GARANT\u00cdA LIMITADA DIRECTA CON DEFABRICA<\/strong>, que es \u00fanica y exclusiva contra defectos en su fabricaci\u00f3n, ofreciendo una reparaci\u00f3n o sustituci\u00f3n del equipo dentro del periodo de vigencia de dicha garant\u00eda, siempre y cuando se encuentren bajo condiciones de uso normal y de acuerdo con el manual que acompa\u00f1a a cada uno de nuestros productos.<\/p>\n<p>Todo producto est\u00e1 sujeto a revisi\u00f3n y diagn\u00f3stico para el tr\u00e1mite de garant\u00eda, esto puede tardar de 5 a 10 d\u00edas h\u00e1biles.<\/p>\n<p>En caso de que la parte o pieza a garant\u00eda no presente falla por defecto de f\u00e1brica, la empresa no est\u00e1 obligada a realizar ning\u00fan cambio del producto o devoluci\u00f3n de efectivo.<\/p>\n<p>Para hacer valida la garant\u00eda de un producto el cliente deber\u00e1:<\/p>\n<ul>\n<li>Presentar el producto completo con su empaque, accesorios, manual, drivers, etc.<\/li>\n<\/ul>\n<p><strong>REQUISITOS PARA TRAMITAR GARANT\u00cdA<\/strong><\/p>\n<ul>\n<li>Por favor inf\u00f3rmanos de la aplicaci\u00f3n de tu garant\u00eda mediante cualquiera de nuestras formas de contacto y as\u00ed programar la recolecci\u00f3n de tu producto.<\/li>\n<li>Anexa una carta redactada a mano o impresa dentro de la caja de env\u00edo o v\u00eda electr\u00f3nica al correo\u00a0<strong>garantias@deFabrica.com.mx<\/strong>, con la siguiente informaci\u00f3n: Nombre completo, numero del pedido y redacci\u00f3n detallada explicando el problema del producto, no se proceder\u00e1 a su revisi\u00f3n si no incluye dicha informaci\u00f3n y esto demorar\u00e1 el tiempo de respuesta.<\/li>\n<li>Al enviar un producto a garant\u00eda deber\u00e1 incluir MANUALES, CAJA, CABLES, SOFTWARE, ETC., que incluya el producto original.<\/li>\n<li>Recibido el producto, realizaremos un diagn\u00f3stico aprobatorio de garant\u00eda, una vez aprobada su garant\u00eda se le notificara v\u00eda correo electr\u00f3nico, el costo del env\u00edo de deFabrica a tu domicilio corre por nuestra cuenta, <strong>de ser invalida la garant\u00eda los costos de devoluci\u00f3n deber\u00e1n ser cubiertos por el cliente.<\/strong><\/li>\n<li>Las garant\u00edas se deben tramitar \u00fanica y exclusivamente con deFabrica<\/li>\n<\/ul>\n<p><strong>La GARANT\u00cdA SE INVALIDAR\u00c1<\/strong>\u00a0en los siguientes casos:<\/p>\n<ul>\n<li>Cuando el producto presenta da\u00f1o f\u00edsico por mal uso, uso excesivo, manipulaci\u00f3n, transporte o descuido.<\/li>\n<li>Cuando los sellos de garant\u00eda o n\u00famero de serie se encuentren rotos, manipulados, cambiados, removidos.<\/li>\n<li>Da\u00f1os causados por descargas el\u00e9ctricas o uso con voltaje incorrecto.<\/li>\n<li>Da\u00f1os generados por presencia de elementos nocivos (l\u00edquidos, acido, polvo, cuerpos org\u00e1nicos o inorg\u00e1nicos, sustancias qu\u00edmicas, etc.) que no forman parte del equipo.<\/li>\n<li>Da\u00f1os ocasionados por accesorios o equipos externos no dise\u00f1ados espec\u00edficamente para dicho producto.<\/li>\n<li>Da\u00f1os causados por la instalaci\u00f3n de otro software diferente al instalado de f\u00e1brica (sistema operativo, virus inform\u00e1tico, etc.).<\/li>\n<li>Cuando el producto haya sido alterado o reparado por personas no autorizadas por deFabrica.com.mx<\/li>\n<li>\u00a0La Empresa no se hace responsable por da\u00f1o o perdida de informaci\u00f3n guardada en medios de almacenamiento de los equipos o productos (memoria interna, USB, Micro SD, Dispositivos m\u00f3viles, etc.), esta es exclusiva responsabilidad del cliente.<\/li>\n<\/ul>\n<p><strong>POR POL\u00cdTICA DE LA EMPRESA:<\/strong><\/p>\n<ul>\n<li>No se hacen devoluciones en efectivo.<\/li>\n<li>No se recibe a garant\u00eda ning\u00fan equipo con da\u00f1o f\u00edsico (roto, quebrado, golpeado, mojado, quemado o con manipulaci\u00f3n no autorizada, etc.).<\/li>\n<li>No es responsabilidad de la empresa el da\u00f1o o p\u00e9rdida de informaci\u00f3n guardada en equipos\u00a0 o productos\u00a0 con medios de almacenamiento (memoria interna, USB, Micro SD, dispositivos m\u00f3viles, etc.).<\/li>\n<\/ul>\n<p>Todo equipo est\u00e1 sujeto a la revisi\u00f3n y diagnostico sin excepci\u00f3n.<\/p>\n<p><strong>EVENTUALIDAD O CASO FORTUITO:<\/strong><\/p>\n<p>Las garant\u00edas son otorgadas directamente por el fabricante a trav\u00e9s una cadena de distribuci\u00f3n (empresas mayoristas); o bien, en algunos casos, \u00e9stos son proporcionados por centros de servicio establecidos o autorizados para el efecto, por el propio fabricante. En el eventual caso de que alg\u00fan fabricante, por circunstancias propias de su operaci\u00f3n, se retirara del mercado sin establecer las bases futuras de las garant\u00edas, no estar\u00edamos, nosotros como distribuidores, en capacidad de otorgarlas.<\/p>\n<p><strong>PREVENTAS:<\/strong><\/p>\n<p>En caso de adquirir un art\u00edculo con la modalidad de preventa el usuario deber\u00e1 tomar en cuenta lo siguiente:<\/p>\n<ol>\n<li>El precio de los art\u00edculos de preventa ser\u00e1 respetado una vez confirmado el pago.<\/li>\n<li>Los art\u00edculos de preventa cuentan con una cantidad espec\u00edfica de stock.<\/li>\n<\/ol>\n<p>[\/vc_column_text][\/vc_column][\/vc_row]<\/p>\n<\/div>","protected":false},"excerpt":{"rendered":"<p>[vc_row][vc_column][vc_column_text]T\u00c9RMINOS Y CONDICIONES Al utilizar el sitio Web de deFabrica: Usted se obliga a respetar las Condiciones de uso, notificaciones, pol\u00edticas de uso y todas las cl\u00e1usulas de exenci\u00f3n de<\/p>\n","protected":false},"author":1,"featured_media":0,"parent":0,"menu_order":0,"comment_status":"closed","ping_status":"closed","template":"","meta":{"_acf_changed":false,"_joinchat":[],"footnotes":""},"class_list":["post-2183","page","type-page","status-publish","hentry"],"acf":[],"_links":{"self":[{"href":"https:\/\/defabrica.com.mx\/defabrica\/wp-json\/wp\/v2\/pages\/2183","targetHints":{"allow":["GET"]}}],"collection":[{"href":"https:\/\/defabrica.com.mx\/defabrica\/wp-json\/wp\/v2\/pages"}],"about":[{"href":"https:\/\/defabrica.com.mx\/defabrica\/wp-json\/wp\/v2\/types\/page"}],"author":[{"embeddable":true,"href":"https:\/\/defabrica.com.mx\/defabrica\/wp-json\/wp\/v2\/users\/1"}],"replies":[{"embeddable":true,"href":"https:\/\/defabrica.com.mx\/defabrica\/wp-json\/wp\/v2\/comments?post=2183"}],"version-history":[{"count":0,"href":"https:\/\/defabrica.com.mx\/defabrica\/wp-json\/wp\/v2\/pages\/2183\/revisions"}],"wp:attachment":[{"href":"https:\/\/defabrica.com.mx\/defabrica\/wp-json\/wp\/v2\/media?parent=2183"}],"curies":[{"name":"wp","href":"https:\/\/api.w.org\/{rel}","templated":true}]}}